{"id":1284,"date":"2024-03-16T17:54:47","date_gmt":"2024-03-16T16:54:47","guid":{"rendered":"https:\/\/saintfrancoisdassise-toulouse.fr\/?page_id=1284"},"modified":"2025-02-27T19:22:29","modified_gmt":"2025-02-27T18:22:29","slug":"soeurs-ursulines","status":"publish","type":"page","link":"https:\/\/saintfrancoisdassise-toulouse.fr\/?page_id=1284","title":{"rendered":"\u00c9quipes du Rosaire"},"content":{"rendered":"\t\t<div data-elementor-type=\"wp-page\" data-elementor-id=\"1284\" class=\"elementor elementor-1284\">\n\t\t\t\t<div class=\"elementor-element elementor-element-41319af2 e-flex e-con-boxed e-con e-parent\" data-id=\"41319af2\" data-element_type=\"container\" data-e-type=\"container\">\n\t\t\t\t\t<div class=\"e-con-inner\">\n\t\t\t\t<div class=\"elementor-element elementor-element-2b51b0a6 elementor-widget elementor-widget-heading\" data-id=\"2b51b0a6\" data-element_type=\"widget\" data-e-type=\"widget\" data-widget_type=\"heading.default\">\n\t\t\t\t<div class=\"elementor-widget-container\">\n\t\t\t\t\t<h1 class=\"elementor-heading-title elementor-size-default\">\u00c9quipes du Rosaire<\/h1>\t\t\t\t<\/div>\n\t\t\t\t<\/div>\n\t\t\t\t\t<\/div>\n\t\t\t\t<\/div>\n\t\t<div class=\"elementor-element elementor-element-5ceb7735 e-flex e-con-boxed e-con e-parent\" data-id=\"5ceb7735\" data-element_type=\"container\" data-e-type=\"container\">\n\t\t\t\t\t<div class=\"e-con-inner\">\n\t\t<div class=\"elementor-element elementor-element-2cc491ff e-con-full e-flex e-con e-child\" data-id=\"2cc491ff\" data-element_type=\"container\" data-e-type=\"container\">\n\t\t\t\t<div class=\"elementor-element elementor-element-e469087 elementor-widget elementor-widget-image\" data-id=\"e469087\" data-element_type=\"widget\" data-e-type=\"widget\" data-widget_type=\"image.default\">\n\t\t\t\t<div class=\"elementor-widget-container\">\n\t\t\t\t\t\t\t\t\t\t\t\t\t\t\t<img fetchpriority=\"high\" decoding=\"async\" width=\"1024\" height=\"343\" src=\"https:\/\/saintfrancoisdassise-toulouse.fr\/wp-content\/uploads\/2024\/12\/image-rosaire-1024x343.png\" class=\"attachment-large size-large wp-image-2442\" alt=\"\" srcset=\"https:\/\/saintfrancoisdassise-toulouse.fr\/wp-content\/uploads\/2024\/12\/image-rosaire-1024x343.png 1024w, https:\/\/saintfrancoisdassise-toulouse.fr\/wp-content\/uploads\/2024\/12\/image-rosaire-300x100.png 300w, https:\/\/saintfrancoisdassise-toulouse.fr\/wp-content\/uploads\/2024\/12\/image-rosaire-768x257.png 768w, https:\/\/saintfrancoisdassise-toulouse.fr\/wp-content\/uploads\/2024\/12\/image-rosaire.png 1479w\" sizes=\"(max-width: 1024px) 100vw, 1024px\" \/>\t\t\t\t\t\t\t\t\t\t\t\t\t\t\t<\/div>\n\t\t\t\t<\/div>\n\t\t\t\t<\/div>\n\t\t<div class=\"elementor-element elementor-element-2d4ee691 e-con-full e-flex e-con e-child\" data-id=\"2d4ee691\" data-element_type=\"container\" data-e-type=\"container\">\n\t\t\t\t<div class=\"elementor-element elementor-element-6655b1ec elementor-widget elementor-widget-text-editor\" data-id=\"6655b1ec\" data-element_type=\"widget\" data-e-type=\"widget\" data-widget_type=\"text-editor.default\">\n\t\t\t\t<div class=\"elementor-widget-container\">\n\t\t\t\t\t\t\t\t\t<p>\u00a0<\/p><p>Les \u00e9quipes du rosaire sont des groupes de pri\u00e8re d\u00e9di\u00e9s \u00e0 la m\u00e9ditation du rosaire, une pratique spirituelle profond\u00e9ment enracin\u00e9e dans la tradition catholique. Fond\u00e9es en 1955 par le P\u00e8re Louis Marie Gribou, ces \u00e9quipes visent \u00e0 approfondir la foi et \u00e0 renforcer la communaut\u00e9 chr\u00e9tienne.<\/p><p>Chaque \u00e9quipe se r\u00e9unit une fois par mois pour prier, partager un passage de l\u2019Evangile. Les membres de l\u2019\u00e9quipe s\u2019engagent \u00e0 m\u00e9diter chaque jour, un myst\u00e8re du rosaire en communion avec les autres membres et ainsi approfondir leur connaissance de la vie du Christ et mieux comprendre comment le Seigneur les aime.<\/p>\t\t\t\t\t\t\t\t<\/div>\n\t\t\t\t<\/div>\n\t\t\t\t<\/div>\n\t\t\t\t\t<\/div>\n\t\t\t\t<\/div>\n\t\t<div class=\"elementor-element elementor-element-243c69b e-flex e-con-boxed e-con e-parent\" data-id=\"243c69b\" data-element_type=\"container\" data-e-type=\"container\" data-settings=\"{&quot;background_background&quot;:&quot;classic&quot;}\">\n\t\t\t\t\t<div class=\"e-con-inner\">\n\t\t<div class=\"elementor-element elementor-element-402a14ce e-flex e-con-boxed e-con e-child\" data-id=\"402a14ce\" data-element_type=\"container\" data-e-type=\"container\" data-settings=\"{&quot;background_background&quot;:&quot;classic&quot;}\">\n\t\t\t\t\t<div class=\"e-con-inner\">\n\t\t<div class=\"elementor-element elementor-element-e19ff81 e-flex e-con-boxed e-con e-child\" data-id=\"e19ff81\" data-element_type=\"container\" data-e-type=\"container\" data-settings=\"{&quot;background_background&quot;:&quot;classic&quot;}\">\n\t\t\t\t\t<div class=\"e-con-inner\">\n\t\t\t\t<div class=\"elementor-element elementor-element-9d08e75 elementor-widget elementor-widget-text-editor\" data-id=\"9d08e75\" data-element_type=\"widget\" data-e-type=\"widget\" data-widget_type=\"text-editor.default\">\n\t\t\t\t<div class=\"elementor-widget-container\">\n\t\t\t\t\t\t\t\t\tPour rejoindre une \u00e9quipe du rosaire\u00a0:\n\nSur la paroisse, prendre contact avec Mme SOUBIRAN 05 61 80 77 25\n\n<a style=\"color: #ffffff; text-decoration-line: underline;\" href=\"http:\/\/www.rosaire.org\">www.rosaire.org<\/a> ou <a style=\"color: #ffffff; text-decoration-line: underline;\" href=\"mailto:equipes.rosaire@orange.fr\">equipes.rosaire@orange.fr<\/a>\t\t\t\t\t\t\t\t<\/div>\n\t\t\t\t<\/div>\n\t\t\t\t\t<\/div>\n\t\t\t\t<\/div>\n\t\t\t\t\t<\/div>\n\t\t\t\t<\/div>\n\t\t\t\t\t<\/div>\n\t\t\t\t<\/div>\n\t\t\t\t<\/div>\n\t\t","protected":false},"excerpt":{"rendered":"<p>\u00c9quipes du Rosaire \u00a0 Les \u00e9quipes du rosaire sont des groupes de pri\u00e8re d\u00e9di\u00e9s \u00e0 la m\u00e9ditation du rosaire, une pratique spirituelle profond\u00e9ment enracin\u00e9e dans la tradition catholique. Fond\u00e9es en 1955 par le P\u00e8re Louis Marie Gribou, ces \u00e9quipes visent \u00e0 approfondir la foi et \u00e0 renforcer la communaut\u00e9 chr\u00e9tienne. Chaque \u00e9quipe se r\u00e9unit une fois par mois pour prier, partager un passage de l\u2019Evangile. Les membres de l\u2019\u00e9quipe s\u2019engagent \u00e0 m\u00e9diter chaque jour, un myst\u00e8re du rosaire en communion avec les autres membres et ainsi approfondir leur connaissance de la vie du Christ et mieux comprendre comment le Seigneur&#8230; <\/p>\n","protected":false},"author":2,"featured_media":0,"parent":0,"menu_order":0,"comment_status":"closed","ping_status":"closed","template":"template-parts\/page-template-full-width.php","meta":{"footnotes":""},"class_list":["post-1284","page","type-page","status-publish","hentry"],"yoast_head":"<!-- This site is optimized with the Yoast SEO plugin v24.4 - https:\/\/yoast.com\/wordpress\/plugins\/seo\/ -->\n<title>\u00c9quipes du Rosaire - Saint Fran\u00e7ois d&#039;Assise<\/title>\n<meta name=\"robots\" content=\"index, follow, max-snippet:-1, max-image-preview:large, max-video-preview:-1\" \/>\n<link rel=\"canonical\" href=\"https:\/\/saintfrancoisdassise-toulouse.fr\/?page_id=1284\" \/>\n<meta property=\"og:locale\" content=\"en_US\" \/>\n<meta property=\"og:type\" content=\"article\" \/>\n<meta property=\"og:title\" content=\"\u00c9quipes du Rosaire - Saint Fran\u00e7ois d&#039;Assise\" \/>\n<meta property=\"og:description\" content=\"\u00c9quipes du Rosaire \u00a0 Les \u00e9quipes du rosaire sont des groupes de pri\u00e8re d\u00e9di\u00e9s \u00e0 la m\u00e9ditation du rosaire, une pratique spirituelle profond\u00e9ment enracin\u00e9e dans la tradition catholique. Fond\u00e9es en 1955 par le P\u00e8re Louis Marie Gribou, ces \u00e9quipes visent \u00e0 approfondir la foi et \u00e0 renforcer la communaut\u00e9 chr\u00e9tienne. Chaque \u00e9quipe se r\u00e9unit une fois par mois pour prier, partager un passage de l\u2019Evangile. Les membres de l\u2019\u00e9quipe s\u2019engagent \u00e0 m\u00e9diter chaque jour, un myst\u00e8re du rosaire en communion avec les autres membres et ainsi approfondir leur connaissance de la vie du Christ et mieux comprendre comment le Seigneur...\" \/>\n<meta property=\"og:url\" content=\"https:\/\/saintfrancoisdassise-toulouse.fr\/?page_id=1284\" \/>\n<meta property=\"og:site_name\" content=\"Saint Fran\u00e7ois d&#039;Assise\" \/>\n<meta property=\"article:modified_time\" content=\"2025-02-27T18:22:29+00:00\" \/>\n<meta property=\"og:image\" content=\"https:\/\/saintfrancoisdassise-toulouse.fr\/wp-content\/uploads\/2024\/12\/image-rosaire.png\" \/>\n\t<meta property=\"og:image:width\" content=\"1479\" \/>\n\t<meta property=\"og:image:height\" content=\"495\" \/>\n\t<meta property=\"og:image:type\" content=\"image\/png\" \/>\n<meta name=\"twitter:card\" content=\"summary_large_image\" \/>\n<meta name=\"twitter:label1\" content=\"Est. reading time\" \/>\n\t<meta name=\"twitter:data1\" content=\"1 minute\" \/>\n<script type=\"application\/ld+json\" class=\"yoast-schema-graph\">{\"@context\":\"https:\/\/schema.org\",\"@graph\":[{\"@type\":\"WebPage\",\"@id\":\"https:\/\/saintfrancoisdassise-toulouse.fr\/?page_id=1284\",\"url\":\"https:\/\/saintfrancoisdassise-toulouse.fr\/?page_id=1284\",\"name\":\"\u00c9quipes du Rosaire - Saint Fran\u00e7ois d&#039;Assise\",\"isPartOf\":{\"@id\":\"https:\/\/saintfrancoisdassise-toulouse.fr\/#website\"},\"primaryImageOfPage\":{\"@id\":\"https:\/\/saintfrancoisdassise-toulouse.fr\/?page_id=1284#primaryimage\"},\"image\":{\"@id\":\"https:\/\/saintfrancoisdassise-toulouse.fr\/?page_id=1284#primaryimage\"},\"thumbnailUrl\":\"http:\/\/saintfrancoisdassise-toulouse.fr\/wp-content\/uploads\/2024\/12\/image-rosaire-1024x343.png\",\"datePublished\":\"2024-03-16T16:54:47+00:00\",\"dateModified\":\"2025-02-27T18:22:29+00:00\",\"breadcrumb\":{\"@id\":\"https:\/\/saintfrancoisdassise-toulouse.fr\/?page_id=1284#breadcrumb\"},\"inLanguage\":\"en-US\",\"potentialAction\":[{\"@type\":\"ReadAction\",\"target\":[\"https:\/\/saintfrancoisdassise-toulouse.fr\/?page_id=1284\"]}]},{\"@type\":\"ImageObject\",\"inLanguage\":\"en-US\",\"@id\":\"https:\/\/saintfrancoisdassise-toulouse.fr\/?page_id=1284#primaryimage\",\"url\":\"http:\/\/saintfrancoisdassise-toulouse.fr\/wp-content\/uploads\/2024\/12\/image-rosaire-1024x343.png\",\"contentUrl\":\"http:\/\/saintfrancoisdassise-toulouse.fr\/wp-content\/uploads\/2024\/12\/image-rosaire-1024x343.png\"},{\"@type\":\"BreadcrumbList\",\"@id\":\"https:\/\/saintfrancoisdassise-toulouse.fr\/?page_id=1284#breadcrumb\",\"itemListElement\":[{\"@type\":\"ListItem\",\"position\":1,\"name\":\"Accueil\",\"item\":\"https:\/\/saintfrancoisdassise-toulouse.fr\/\"},{\"@type\":\"ListItem\",\"position\":2,\"name\":\"\u00c9quipes du Rosaire\"}]},{\"@type\":\"WebSite\",\"@id\":\"https:\/\/saintfrancoisdassise-toulouse.fr\/#website\",\"url\":\"https:\/\/saintfrancoisdassise-toulouse.fr\/\",\"name\":\"Saint Fran\u00e7ois d'Assise\",\"description\":\"106 bis avenue Camille Pujol, 31500 Toulouse\",\"potentialAction\":[{\"@type\":\"SearchAction\",\"target\":{\"@type\":\"EntryPoint\",\"urlTemplate\":\"https:\/\/saintfrancoisdassise-toulouse.fr\/?s={search_term_string}\"},\"query-input\":{\"@type\":\"PropertyValueSpecification\",\"valueRequired\":true,\"valueName\":\"search_term_string\"}}],\"inLanguage\":\"en-US\"}]}<\/script>\n<!-- \/ Yoast SEO plugin. -->","yoast_head_json":{"title":"\u00c9quipes du Rosaire - Saint Fran\u00e7ois d&#039;Assise","robots":{"index":"index","follow":"follow","max-snippet":"max-snippet:-1","max-image-preview":"max-image-preview:large","max-video-preview":"max-video-preview:-1"},"canonical":"https:\/\/saintfrancoisdassise-toulouse.fr\/?page_id=1284","og_locale":"en_US","og_type":"article","og_title":"\u00c9quipes du Rosaire - Saint Fran\u00e7ois d&#039;Assise","og_description":"\u00c9quipes du Rosaire \u00a0 Les \u00e9quipes du rosaire sont des groupes de pri\u00e8re d\u00e9di\u00e9s \u00e0 la m\u00e9ditation du rosaire, une pratique spirituelle profond\u00e9ment enracin\u00e9e dans la tradition catholique. Fond\u00e9es en 1955 par le P\u00e8re Louis Marie Gribou, ces \u00e9quipes visent \u00e0 approfondir la foi et \u00e0 renforcer la communaut\u00e9 chr\u00e9tienne. Chaque \u00e9quipe se r\u00e9unit une fois par mois pour prier, partager un passage de l\u2019Evangile. Les membres de l\u2019\u00e9quipe s\u2019engagent \u00e0 m\u00e9diter chaque jour, un myst\u00e8re du rosaire en communion avec les autres membres et ainsi approfondir leur connaissance de la vie du Christ et mieux comprendre comment le Seigneur...","og_url":"https:\/\/saintfrancoisdassise-toulouse.fr\/?page_id=1284","og_site_name":"Saint Fran\u00e7ois d&#039;Assise","article_modified_time":"2025-02-27T18:22:29+00:00","og_image":[{"width":1479,"height":495,"url":"https:\/\/saintfrancoisdassise-toulouse.fr\/wp-content\/uploads\/2024\/12\/image-rosaire.png","type":"image\/png"}],"twitter_card":"summary_large_image","twitter_misc":{"Est. reading time":"1 minute"},"schema":{"@context":"https:\/\/schema.org","@graph":[{"@type":"WebPage","@id":"https:\/\/saintfrancoisdassise-toulouse.fr\/?page_id=1284","url":"https:\/\/saintfrancoisdassise-toulouse.fr\/?page_id=1284","name":"\u00c9quipes du Rosaire - Saint Fran\u00e7ois d&#039;Assise","isPartOf":{"@id":"https:\/\/saintfrancoisdassise-toulouse.fr\/#website"},"primaryImageOfPage":{"@id":"https:\/\/saintfrancoisdassise-toulouse.fr\/?page_id=1284#primaryimage"},"image":{"@id":"https:\/\/saintfrancoisdassise-toulouse.fr\/?page_id=1284#primaryimage"},"thumbnailUrl":"http:\/\/saintfrancoisdassise-toulouse.fr\/wp-content\/uploads\/2024\/12\/image-rosaire-1024x343.png","datePublished":"2024-03-16T16:54:47+00:00","dateModified":"2025-02-27T18:22:29+00:00","breadcrumb":{"@id":"https:\/\/saintfrancoisdassise-toulouse.fr\/?page_id=1284#breadcrumb"},"inLanguage":"en-US","potentialAction":[{"@type":"ReadAction","target":["https:\/\/saintfrancoisdassise-toulouse.fr\/?page_id=1284"]}]},{"@type":"ImageObject","inLanguage":"en-US","@id":"https:\/\/saintfrancoisdassise-toulouse.fr\/?page_id=1284#primaryimage","url":"http:\/\/saintfrancoisdassise-toulouse.fr\/wp-content\/uploads\/2024\/12\/image-rosaire-1024x343.png","contentUrl":"http:\/\/saintfrancoisdassise-toulouse.fr\/wp-content\/uploads\/2024\/12\/image-rosaire-1024x343.png"},{"@type":"BreadcrumbList","@id":"https:\/\/saintfrancoisdassise-toulouse.fr\/?page_id=1284#breadcrumb","itemListElement":[{"@type":"ListItem","position":1,"name":"Accueil","item":"https:\/\/saintfrancoisdassise-toulouse.fr\/"},{"@type":"ListItem","position":2,"name":"\u00c9quipes du Rosaire"}]},{"@type":"WebSite","@id":"https:\/\/saintfrancoisdassise-toulouse.fr\/#website","url":"https:\/\/saintfrancoisdassise-toulouse.fr\/","name":"Saint Fran\u00e7ois d'Assise","description":"106 bis avenue Camille Pujol, 31500 Toulouse","potentialAction":[{"@type":"SearchAction","target":{"@type":"EntryPoint","urlTemplate":"https:\/\/saintfrancoisdassise-toulouse.fr\/?s={search_term_string}"},"query-input":{"@type":"PropertyValueSpecification","valueRequired":true,"valueName":"search_term_string"}}],"inLanguage":"en-US"}]}},"_links":{"self":[{"href":"https:\/\/saintfrancoisdassise-toulouse.fr\/index.php?rest_route=\/wp\/v2\/pages\/1284","targetHints":{"allow":["GET"]}}],"collection":[{"href":"https:\/\/saintfrancoisdassise-toulouse.fr\/index.php?rest_route=\/wp\/v2\/pages"}],"about":[{"href":"https:\/\/saintfrancoisdassise-toulouse.fr\/index.php?rest_route=\/wp\/v2\/types\/page"}],"author":[{"embeddable":true,"href":"https:\/\/saintfrancoisdassise-toulouse.fr\/index.php?rest_route=\/wp\/v2\/users\/2"}],"replies":[{"embeddable":true,"href":"https:\/\/saintfrancoisdassise-toulouse.fr\/index.php?rest_route=%2Fwp%2Fv2%2Fcomments&post=1284"}],"version-history":[{"count":29,"href":"https:\/\/saintfrancoisdassise-toulouse.fr\/index.php?rest_route=\/wp\/v2\/pages\/1284\/revisions"}],"predecessor-version":[{"id":2734,"href":"https:\/\/saintfrancoisdassise-toulouse.fr\/index.php?rest_route=\/wp\/v2\/pages\/1284\/revisions\/2734"}],"wp:attachment":[{"href":"https:\/\/saintfrancoisdassise-toulouse.fr\/index.php?rest_route=%2Fwp%2Fv2%2Fmedia&parent=1284"}],"curies":[{"name":"wp","href":"https:\/\/api.w.org\/{rel}","templated":true}]}}