{"id":1371,"date":"2024-03-16T18:37:54","date_gmt":"2024-03-16T17:37:54","guid":{"rendered":"https:\/\/saintfrancoisdassise-toulouse.fr\/?page_id=1371"},"modified":"2024-08-30T18:44:12","modified_gmt":"2024-08-30T16:44:12","slug":"elementor-1371","status":"publish","type":"page","link":"https:\/\/saintfrancoisdassise-toulouse.fr\/?page_id=1371","title":{"rendered":"Bapt\u00eame"},"content":{"rendered":"\t\t<div data-elementor-type=\"wp-page\" data-elementor-id=\"1371\" class=\"elementor elementor-1371\">\n\t\t\t\t<div class=\"elementor-element elementor-element-7797b7f e-flex e-con-boxed e-con e-parent\" data-id=\"7797b7f\" data-element_type=\"container\" data-e-type=\"container\">\n\t\t\t\t\t<div class=\"e-con-inner\">\n\t\t\t\t<div class=\"elementor-element elementor-element-65c0a25 elementor-widget elementor-widget-heading\" data-id=\"65c0a25\" data-element_type=\"widget\" data-e-type=\"widget\" data-widget_type=\"heading.default\">\n\t\t\t\t<div class=\"elementor-widget-container\">\n\t\t\t\t\t<h1 class=\"elementor-heading-title elementor-size-default\">Bapt\u00eame<\/h1>\t\t\t\t<\/div>\n\t\t\t\t<\/div>\n\t\t\t\t\t<\/div>\n\t\t\t\t<\/div>\n\t\t<div class=\"elementor-element elementor-element-11093e01 e-flex e-con-boxed e-con e-parent\" data-id=\"11093e01\" data-element_type=\"container\" data-e-type=\"container\">\n\t\t\t\t\t<div class=\"e-con-inner\">\n\t\t\t\t<div class=\"elementor-element elementor-element-1c767591 elementor-widget elementor-widget-text-editor\" data-id=\"1c767591\" data-element_type=\"widget\" data-e-type=\"widget\" data-widget_type=\"text-editor.default\">\n\t\t\t\t<div class=\"elementor-widget-container\">\n\t\t\t\t\t\t\t\t\t<p>Le bapt\u00eame est un sacrement fondamental dans la vie d&#8217;un chr\u00e9tien. Il marque l&#8217;entr\u00e9e dans la communaut\u00e9 des croyants et la naissance \u00e0 une vie nouvelle en J\u00e9sus-Christ.<\/p>\n<p>Signe de l\u2019Amour sauveur de Dieu, le sacrement du bapt\u00eame c\u00e9l\u00e8bre l\u2019entr\u00e9e dans l\u2019\u00c9glise, dans la famille des chr\u00e9tiens en devenant enfant du P\u00e8re et fr\u00e8re de J\u00e9sus-Christ dans l\u2019Esprit. <strong>Il est possible de recevoir le bapt\u00eame \u00e0 tout \u00e2ge.<\/strong><\/p>\t\t\t\t\t\t\t\t<\/div>\n\t\t\t\t<\/div>\n\t\t\t\t\t<\/div>\n\t\t\t\t<\/div>\n\t\t<div class=\"elementor-element elementor-element-6c1c9157 e-flex e-con-boxed e-con e-parent\" data-id=\"6c1c9157\" data-element_type=\"container\" data-e-type=\"container\">\n\t\t\t\t\t<div class=\"e-con-inner\">\n\t\t<div class=\"elementor-element elementor-element-7bb88fa2 e-con-full e-flex e-con e-child\" data-id=\"7bb88fa2\" data-element_type=\"container\" data-e-type=\"container\" data-settings=\"{&quot;background_background&quot;:&quot;classic&quot;,&quot;shape_divider_top&quot;:&quot;waves&quot;}\">\n\t\t\t\t<div class=\"elementor-shape elementor-shape-top\" aria-hidden=\"true\" data-negative=\"false\">\n\t\t\t<svg xmlns=\"http:\/\/www.w3.org\/2000\/svg\" viewBox=\"0 0 1000 100\" preserveAspectRatio=\"none\">\n\t<path class=\"elementor-shape-fill\" d=\"M421.9,6.5c22.6-2.5,51.5,0.4,75.5,5.3c23.6,4.9,70.9,23.5,100.5,35.7c75.8,32.2,133.7,44.5,192.6,49.7\n\tc23.6,2.1,48.7,3.5,103.4-2.5c54.7-6,106.2-25.6,106.2-25.6V0H0v30.3c0,0,72,32.6,158.4,30.5c39.2-0.7,92.8-6.7,134-22.4\n\tc21.2-8.1,52.2-18.2,79.7-24.2C399.3,7.9,411.6,7.5,421.9,6.5z\"\/>\n<\/svg>\t\t<\/div>\n\t\t<div class=\"elementor-element elementor-element-283b5f50 e-flex e-con-boxed e-con e-child\" data-id=\"283b5f50\" data-element_type=\"container\" data-e-type=\"container\">\n\t\t\t\t\t<div class=\"e-con-inner\">\n\t\t\t\t<div class=\"elementor-element elementor-element-eaedef elementor-widget elementor-widget-heading\" data-id=\"eaedef\" data-element_type=\"widget\" data-e-type=\"widget\" data-widget_type=\"heading.default\">\n\t\t\t\t<div class=\"elementor-widget-container\">\n\t\t\t\t\t<h2 class=\"elementor-heading-title elementor-size-default\">Bapt\u00eame enfant<\/h2>\t\t\t\t<\/div>\n\t\t\t\t<\/div>\n\t\t\t\t<div class=\"elementor-element elementor-element-e8c80b1 elementor-widget elementor-widget-image\" data-id=\"e8c80b1\" data-element_type=\"widget\" data-e-type=\"widget\" data-widget_type=\"image.default\">\n\t\t\t\t<div class=\"elementor-widget-container\">\n\t\t\t\t\t\t\t\t\t\t\t\t\t\t\t<img fetchpriority=\"high\" decoding=\"async\" width=\"423\" height=\"288\" src=\"https:\/\/saintfrancoisdassise-toulouse.fr\/wp-content\/uploads\/2024\/07\/bapteme-bb.jpg\" class=\"attachment-large size-large wp-image-1747\" alt=\"\" srcset=\"https:\/\/saintfrancoisdassise-toulouse.fr\/wp-content\/uploads\/2024\/07\/bapteme-bb.jpg 423w, https:\/\/saintfrancoisdassise-toulouse.fr\/wp-content\/uploads\/2024\/07\/bapteme-bb-300x204.jpg 300w\" sizes=\"(max-width: 423px) 100vw, 423px\" \/>\t\t\t\t\t\t\t\t\t\t\t\t\t\t\t<\/div>\n\t\t\t\t<\/div>\n\t\t\t\t<div class=\"elementor-element elementor-element-faff103 elementor-widget elementor-widget-text-editor\" data-id=\"faff103\" data-element_type=\"widget\" data-e-type=\"widget\" data-widget_type=\"text-editor.default\">\n\t\t\t\t<div class=\"elementor-widget-container\">\n\t\t\t\t\t\t\t\t\t<p><strong>Bapt\u00eame des tout-petits :<\/strong><\/p><p>Vous d\u00e9sirez faire baptiser votre enfant ? Prenez contact avec la paroisse si possible 2 mois avant la date envisag\u00e9e de la c\u00e9l\u00e9bration. Vous serez invit\u00e9s \u00e0 participer \u00e0 3 soir\u00e9es de pr\u00e9paration et rencontrerez un pr\u00eatre.<\/p><p>Les bapt\u00eames sont habituellement c\u00e9l\u00e9br\u00e9s pendant une messe dominicale, le samedi ou le dimanche.<\/p><p>&nbsp;<\/p><p><strong>Le bapt\u00eame des enfants en \u00e2ge scolaire&nbsp;:<\/strong><\/p><p>La pr\u00e9paration se fait dans la cadre du cat\u00e9chisme.<\/p><p>La pr\u00e9paration dure deux ans&nbsp;:<br>\u2013&nbsp;une ann\u00e9e de r\u00e9flexion pour rentrer en contact avec la vie et la foi<br>chr\u00e9tienne,<br>\u2013&nbsp;une ann\u00e9e de pr\u00e9paration (2 r\u00e9unions pour les parents, 4 s\u00e9ances et un&nbsp;p\u00e8lerinage pour les enfants, bapt\u00eame \u00e0 P\u00e2ques)<\/p><p>&nbsp;<\/p><p>Pour en savoir plus ou engager une d\u00e9marche, contactez-nous : <a style=\"color: #ffffff;text-decoration-line: underline;\" href=\"mailto:bapteme.saintfrancois@gmail.com\">bapteme.saintfrancois@gmail.com<\/a><\/p>\t\t\t\t\t\t\t\t<\/div>\n\t\t\t\t<\/div>\n\t\t\t\t\t<\/div>\n\t\t\t\t<\/div>\n\t\t\t\t<\/div>\n\t\t<div class=\"elementor-element elementor-element-6e07a0b1 e-con-full e-flex e-con e-child\" data-id=\"6e07a0b1\" data-element_type=\"container\" data-e-type=\"container\" data-settings=\"{&quot;background_background&quot;:&quot;classic&quot;}\">\n\t\t<div class=\"elementor-element elementor-element-694e1a9a e-flex e-con-boxed e-con e-child\" data-id=\"694e1a9a\" data-element_type=\"container\" data-e-type=\"container\">\n\t\t\t\t\t<div class=\"e-con-inner\">\n\t\t\t\t<div class=\"elementor-element elementor-element-6300a0d7 elementor-widget elementor-widget-heading\" data-id=\"6300a0d7\" data-element_type=\"widget\" data-e-type=\"widget\" data-widget_type=\"heading.default\">\n\t\t\t\t<div class=\"elementor-widget-container\">\n\t\t\t\t\t<h2 class=\"elementor-heading-title elementor-size-default\">Bapt\u00eame adulte - Le cat\u00e9chum\u00e9nat<\/h2>\t\t\t\t<\/div>\n\t\t\t\t<\/div>\n\t\t\t\t<div class=\"elementor-element elementor-element-45d87a19 elementor-widget elementor-widget-image\" data-id=\"45d87a19\" data-element_type=\"widget\" data-e-type=\"widget\" data-widget_type=\"image.default\">\n\t\t\t\t<div class=\"elementor-widget-container\">\n\t\t\t\t\t\t\t\t\t\t\t\t\t\t\t<img decoding=\"async\" src=\"https:\/\/saintfrancoisdassise-toulouse.fr\/wp-content\/uploads\/2024\/08\/cathecumene.jpg\" title=\"cathecum\u00e8ne\" alt=\"cathecum\u00e8ne\" loading=\"lazy\" \/>\t\t\t\t\t\t\t\t\t\t\t\t\t\t\t<\/div>\n\t\t\t\t<\/div>\n\t\t\t\t<div class=\"elementor-element elementor-element-7cc4bea6 elementor-widget elementor-widget-text-editor\" data-id=\"7cc4bea6\" data-element_type=\"widget\" data-e-type=\"widget\" data-widget_type=\"text-editor.default\">\n\t\t\t\t<div class=\"elementor-widget-container\">\n\t\t\t\t\t\t\t\t\t<p>Chaque ann\u00e9e de nombreux adultes demandent le bapt\u00eame. Il n\u2019y a pas d\u2019\u00e2ge pour \u00eatre baptis\u00e9. <br>Vous vous posez des questions&nbsp;? Soyez les bienvenus dans le cat\u00e9chum\u00e9nat.<\/p><p><strong><em>Comment faire&nbsp;?&nbsp;&nbsp; A qui s\u2019adresser&nbsp;?<\/em><\/strong><\/p><p>Il faut tout d\u2019abord rencontrer un pr\u00eatre et l\u2019\u00e9quipe d\u2019accompagnement afin de vous pr\u00e9senter la d\u00e9marche, le sens de ce sacrement essentiel pour les chr\u00e9tiens.<\/p><p>L\u2019\u00e9quipe qui vous accompagne s\u2019adapte \u00e0 vous, l\u00e0 o\u00f9 vous en \u00eates dans votre connaissance, ou pas, de Dieu et de la foi chr\u00e9tienne. Elle vous aide \u00e0 d\u00e9couvrir les fondamentaux de la foi, au cours de plusieurs rencontres r\u00e9guli\u00e8res. Ce cheminement pr\u00e9pare \u00e0 recevoir les trois sacrements d\u2019initiation&nbsp;:<\/p><p>Le bapt\u00eame, la confirmation et l\u2019eucharistie.<\/p><p>Pour en savoir plus ou engager une d\u00e9marche, contactez le secr\u00e9tariat de la paroisse (<a style=\"color: #ffffff;text-decoration-line: underline;\" href=\"mailto:sec.saintfrancois@gmail.com\">sec.saintfrancois@gmail.com<\/a>)<\/p>\t\t\t\t\t\t\t\t<\/div>\n\t\t\t\t<\/div>\n\t\t\t\t\t<\/div>\n\t\t\t\t<\/div>\n\t\t\t\t<\/div>\n\t\t\t\t\t<\/div>\n\t\t\t\t<\/div>\n\t\t\t\t<\/div>\n\t\t","protected":false},"excerpt":{"rendered":"<p>Bapt\u00eame Le bapt\u00eame est un sacrement fondamental dans la vie d&#8217;un chr\u00e9tien. Il marque l&#8217;entr\u00e9e dans la communaut\u00e9 des croyants et la naissance \u00e0 une vie nouvelle en J\u00e9sus-Christ. Signe de l\u2019Amour sauveur de Dieu, le sacrement du bapt\u00eame c\u00e9l\u00e8bre l\u2019entr\u00e9e dans l\u2019\u00c9glise, dans la famille des chr\u00e9tiens en devenant enfant du P\u00e8re et fr\u00e8re de J\u00e9sus-Christ dans l\u2019Esprit. Il est possible de recevoir le bapt\u00eame \u00e0 tout \u00e2ge. Bapt\u00eame enfant Bapt\u00eame des tout-petits : Vous d\u00e9sirez faire baptiser votre enfant ? Prenez contact avec la paroisse si possible 2 mois avant la date envisag\u00e9e de la c\u00e9l\u00e9bration. Vous serez&#8230; <\/p>\n","protected":false},"author":2,"featured_media":0,"parent":0,"menu_order":0,"comment_status":"closed","ping_status":"closed","template":"template-parts\/page-template-full-width.php","meta":{"footnotes":""},"class_list":["post-1371","page","type-page","status-publish","hentry"],"yoast_head":"<!-- This site is optimized with the Yoast SEO plugin v24.4 - https:\/\/yoast.com\/wordpress\/plugins\/seo\/ -->\n<title>Bapt\u00eame - Saint Fran\u00e7ois d&#039;Assise<\/title>\n<meta name=\"robots\" content=\"index, follow, max-snippet:-1, max-image-preview:large, max-video-preview:-1\" \/>\n<link rel=\"canonical\" href=\"https:\/\/saintfrancoisdassise-toulouse.fr\/?page_id=1371\" \/>\n<meta property=\"og:locale\" content=\"en_US\" \/>\n<meta property=\"og:type\" content=\"article\" \/>\n<meta property=\"og:title\" content=\"Bapt\u00eame - Saint Fran\u00e7ois d&#039;Assise\" \/>\n<meta property=\"og:description\" content=\"Bapt\u00eame Le bapt\u00eame est un sacrement fondamental dans la vie d&#8217;un chr\u00e9tien. Il marque l&#8217;entr\u00e9e dans la communaut\u00e9 des croyants et la naissance \u00e0 une vie nouvelle en J\u00e9sus-Christ. Signe de l\u2019Amour sauveur de Dieu, le sacrement du bapt\u00eame c\u00e9l\u00e8bre l\u2019entr\u00e9e dans l\u2019\u00c9glise, dans la famille des chr\u00e9tiens en devenant enfant du P\u00e8re et fr\u00e8re de J\u00e9sus-Christ dans l\u2019Esprit. Il est possible de recevoir le bapt\u00eame \u00e0 tout \u00e2ge. Bapt\u00eame enfant Bapt\u00eame des tout-petits : Vous d\u00e9sirez faire baptiser votre enfant ? Prenez contact avec la paroisse si possible 2 mois avant la date envisag\u00e9e de la c\u00e9l\u00e9bration. Vous serez...\" \/>\n<meta property=\"og:url\" content=\"https:\/\/saintfrancoisdassise-toulouse.fr\/?page_id=1371\" \/>\n<meta property=\"og:site_name\" content=\"Saint Fran\u00e7ois d&#039;Assise\" \/>\n<meta property=\"article:modified_time\" content=\"2024-08-30T16:44:12+00:00\" \/>\n<meta property=\"og:image\" content=\"http:\/\/saintfrancoisdassise-toulouse.fr\/wp-content\/uploads\/2024\/07\/bapteme-bb.jpg\" \/>\n<meta name=\"twitter:card\" content=\"summary_large_image\" \/>\n<meta name=\"twitter:label1\" content=\"Est. reading time\" \/>\n\t<meta name=\"twitter:data1\" content=\"2 minutes\" \/>\n<script type=\"application\/ld+json\" class=\"yoast-schema-graph\">{\"@context\":\"https:\/\/schema.org\",\"@graph\":[{\"@type\":\"WebPage\",\"@id\":\"https:\/\/saintfrancoisdassise-toulouse.fr\/?page_id=1371\",\"url\":\"https:\/\/saintfrancoisdassise-toulouse.fr\/?page_id=1371\",\"name\":\"Bapt\u00eame - Saint Fran\u00e7ois d&#039;Assise\",\"isPartOf\":{\"@id\":\"https:\/\/saintfrancoisdassise-toulouse.fr\/#website\"},\"primaryImageOfPage\":{\"@id\":\"https:\/\/saintfrancoisdassise-toulouse.fr\/?page_id=1371#primaryimage\"},\"image\":{\"@id\":\"https:\/\/saintfrancoisdassise-toulouse.fr\/?page_id=1371#primaryimage\"},\"thumbnailUrl\":\"http:\/\/saintfrancoisdassise-toulouse.fr\/wp-content\/uploads\/2024\/07\/bapteme-bb.jpg\",\"datePublished\":\"2024-03-16T17:37:54+00:00\",\"dateModified\":\"2024-08-30T16:44:12+00:00\",\"breadcrumb\":{\"@id\":\"https:\/\/saintfrancoisdassise-toulouse.fr\/?page_id=1371#breadcrumb\"},\"inLanguage\":\"en-US\",\"potentialAction\":[{\"@type\":\"ReadAction\",\"target\":[\"https:\/\/saintfrancoisdassise-toulouse.fr\/?page_id=1371\"]}]},{\"@type\":\"ImageObject\",\"inLanguage\":\"en-US\",\"@id\":\"https:\/\/saintfrancoisdassise-toulouse.fr\/?page_id=1371#primaryimage\",\"url\":\"https:\/\/saintfrancoisdassise-toulouse.fr\/wp-content\/uploads\/2024\/07\/bapteme-bb.jpg\",\"contentUrl\":\"https:\/\/saintfrancoisdassise-toulouse.fr\/wp-content\/uploads\/2024\/07\/bapteme-bb.jpg\",\"width\":423,\"height\":288},{\"@type\":\"BreadcrumbList\",\"@id\":\"https:\/\/saintfrancoisdassise-toulouse.fr\/?page_id=1371#breadcrumb\",\"itemListElement\":[{\"@type\":\"ListItem\",\"position\":1,\"name\":\"Accueil\",\"item\":\"https:\/\/saintfrancoisdassise-toulouse.fr\/\"},{\"@type\":\"ListItem\",\"position\":2,\"name\":\"Bapt\u00eame\"}]},{\"@type\":\"WebSite\",\"@id\":\"https:\/\/saintfrancoisdassise-toulouse.fr\/#website\",\"url\":\"https:\/\/saintfrancoisdassise-toulouse.fr\/\",\"name\":\"Saint Fran\u00e7ois d'Assise\",\"description\":\"106 bis avenue Camille Pujol, 31500 Toulouse\",\"potentialAction\":[{\"@type\":\"SearchAction\",\"target\":{\"@type\":\"EntryPoint\",\"urlTemplate\":\"https:\/\/saintfrancoisdassise-toulouse.fr\/?s={search_term_string}\"},\"query-input\":{\"@type\":\"PropertyValueSpecification\",\"valueRequired\":true,\"valueName\":\"search_term_string\"}}],\"inLanguage\":\"en-US\"}]}<\/script>\n<!-- \/ Yoast SEO plugin. -->","yoast_head_json":{"title":"Bapt\u00eame - Saint Fran\u00e7ois d&#039;Assise","robots":{"index":"index","follow":"follow","max-snippet":"max-snippet:-1","max-image-preview":"max-image-preview:large","max-video-preview":"max-video-preview:-1"},"canonical":"https:\/\/saintfrancoisdassise-toulouse.fr\/?page_id=1371","og_locale":"en_US","og_type":"article","og_title":"Bapt\u00eame - Saint Fran\u00e7ois d&#039;Assise","og_description":"Bapt\u00eame Le bapt\u00eame est un sacrement fondamental dans la vie d&#8217;un chr\u00e9tien. Il marque l&#8217;entr\u00e9e dans la communaut\u00e9 des croyants et la naissance \u00e0 une vie nouvelle en J\u00e9sus-Christ. Signe de l\u2019Amour sauveur de Dieu, le sacrement du bapt\u00eame c\u00e9l\u00e8bre l\u2019entr\u00e9e dans l\u2019\u00c9glise, dans la famille des chr\u00e9tiens en devenant enfant du P\u00e8re et fr\u00e8re de J\u00e9sus-Christ dans l\u2019Esprit. Il est possible de recevoir le bapt\u00eame \u00e0 tout \u00e2ge. Bapt\u00eame enfant Bapt\u00eame des tout-petits : Vous d\u00e9sirez faire baptiser votre enfant ? Prenez contact avec la paroisse si possible 2 mois avant la date envisag\u00e9e de la c\u00e9l\u00e9bration. Vous serez...","og_url":"https:\/\/saintfrancoisdassise-toulouse.fr\/?page_id=1371","og_site_name":"Saint Fran\u00e7ois d&#039;Assise","article_modified_time":"2024-08-30T16:44:12+00:00","og_image":[{"url":"http:\/\/saintfrancoisdassise-toulouse.fr\/wp-content\/uploads\/2024\/07\/bapteme-bb.jpg","type":"","width":"","height":""}],"twitter_card":"summary_large_image","twitter_misc":{"Est. reading time":"2 minutes"},"schema":{"@context":"https:\/\/schema.org","@graph":[{"@type":"WebPage","@id":"https:\/\/saintfrancoisdassise-toulouse.fr\/?page_id=1371","url":"https:\/\/saintfrancoisdassise-toulouse.fr\/?page_id=1371","name":"Bapt\u00eame - Saint Fran\u00e7ois d&#039;Assise","isPartOf":{"@id":"https:\/\/saintfrancoisdassise-toulouse.fr\/#website"},"primaryImageOfPage":{"@id":"https:\/\/saintfrancoisdassise-toulouse.fr\/?page_id=1371#primaryimage"},"image":{"@id":"https:\/\/saintfrancoisdassise-toulouse.fr\/?page_id=1371#primaryimage"},"thumbnailUrl":"http:\/\/saintfrancoisdassise-toulouse.fr\/wp-content\/uploads\/2024\/07\/bapteme-bb.jpg","datePublished":"2024-03-16T17:37:54+00:00","dateModified":"2024-08-30T16:44:12+00:00","breadcrumb":{"@id":"https:\/\/saintfrancoisdassise-toulouse.fr\/?page_id=1371#breadcrumb"},"inLanguage":"en-US","potentialAction":[{"@type":"ReadAction","target":["https:\/\/saintfrancoisdassise-toulouse.fr\/?page_id=1371"]}]},{"@type":"ImageObject","inLanguage":"en-US","@id":"https:\/\/saintfrancoisdassise-toulouse.fr\/?page_id=1371#primaryimage","url":"https:\/\/saintfrancoisdassise-toulouse.fr\/wp-content\/uploads\/2024\/07\/bapteme-bb.jpg","contentUrl":"https:\/\/saintfrancoisdassise-toulouse.fr\/wp-content\/uploads\/2024\/07\/bapteme-bb.jpg","width":423,"height":288},{"@type":"BreadcrumbList","@id":"https:\/\/saintfrancoisdassise-toulouse.fr\/?page_id=1371#breadcrumb","itemListElement":[{"@type":"ListItem","position":1,"name":"Accueil","item":"https:\/\/saintfrancoisdassise-toulouse.fr\/"},{"@type":"ListItem","position":2,"name":"Bapt\u00eame"}]},{"@type":"WebSite","@id":"https:\/\/saintfrancoisdassise-toulouse.fr\/#website","url":"https:\/\/saintfrancoisdassise-toulouse.fr\/","name":"Saint Fran\u00e7ois d'Assise","description":"106 bis avenue Camille Pujol, 31500 Toulouse","potentialAction":[{"@type":"SearchAction","target":{"@type":"EntryPoint","urlTemplate":"https:\/\/saintfrancoisdassise-toulouse.fr\/?s={search_term_string}"},"query-input":{"@type":"PropertyValueSpecification","valueRequired":true,"valueName":"search_term_string"}}],"inLanguage":"en-US"}]}},"_links":{"self":[{"href":"https:\/\/saintfrancoisdassise-toulouse.fr\/index.php?rest_route=\/wp\/v2\/pages\/1371","targetHints":{"allow":["GET"]}}],"collection":[{"href":"https:\/\/saintfrancoisdassise-toulouse.fr\/index.php?rest_route=\/wp\/v2\/pages"}],"about":[{"href":"https:\/\/saintfrancoisdassise-toulouse.fr\/index.php?rest_route=\/wp\/v2\/types\/page"}],"author":[{"embeddable":true,"href":"https:\/\/saintfrancoisdassise-toulouse.fr\/index.php?rest_route=\/wp\/v2\/users\/2"}],"replies":[{"embeddable":true,"href":"https:\/\/saintfrancoisdassise-toulouse.fr\/index.php?rest_route=%2Fwp%2Fv2%2Fcomments&post=1371"}],"version-history":[{"count":57,"href":"https:\/\/saintfrancoisdassise-toulouse.fr\/index.php?rest_route=\/wp\/v2\/pages\/1371\/revisions"}],"predecessor-version":[{"id":2292,"href":"https:\/\/saintfrancoisdassise-toulouse.fr\/index.php?rest_route=\/wp\/v2\/pages\/1371\/revisions\/2292"}],"wp:attachment":[{"href":"https:\/\/saintfrancoisdassise-toulouse.fr\/index.php?rest_route=%2Fwp%2Fv2%2Fmedia&parent=1371"}],"curies":[{"name":"wp","href":"https:\/\/api.w.org\/{rel}","templated":true}]}}