{"id":1379,"date":"2024-03-16T18:41:39","date_gmt":"2024-03-16T17:41:39","guid":{"rendered":"https:\/\/saintfrancoisdassise-toulouse.fr\/?page_id=1379"},"modified":"2024-08-30T18:46:37","modified_gmt":"2024-08-30T16:46:37","slug":"1ere-communion","status":"publish","type":"page","link":"https:\/\/saintfrancoisdassise-toulouse.fr\/?page_id=1379","title":{"rendered":"1ere Communion"},"content":{"rendered":"\t\t<div data-elementor-type=\"wp-page\" data-elementor-id=\"1379\" class=\"elementor elementor-1379\">\n\t\t\t\t<div class=\"elementor-element elementor-element-69282088 e-flex e-con-boxed e-con e-parent\" data-id=\"69282088\" data-element_type=\"container\" data-e-type=\"container\">\n\t\t\t\t\t<div class=\"e-con-inner\">\n\t\t\t\t<div class=\"elementor-element elementor-element-3201d991 elementor-widget elementor-widget-heading\" data-id=\"3201d991\" data-element_type=\"widget\" data-e-type=\"widget\" data-widget_type=\"heading.default\">\n\t\t\t\t<div class=\"elementor-widget-container\">\n\t\t\t\t\t<h1 class=\"elementor-heading-title elementor-size-default\">1\u00e8re communion<\/h1>\t\t\t\t<\/div>\n\t\t\t\t<\/div>\n\t\t\t\t\t<\/div>\n\t\t\t\t<\/div>\n\t\t<div class=\"elementor-element elementor-element-c972dfd e-flex e-con-boxed e-con e-parent\" data-id=\"c972dfd\" data-element_type=\"container\" data-e-type=\"container\">\n\t\t\t\t\t<div class=\"e-con-inner\">\n\t\t<div class=\"elementor-element elementor-element-39a2f68 e-con-full e-flex e-con e-child\" data-id=\"39a2f68\" data-element_type=\"container\" data-e-type=\"container\">\n\t\t\t\t<div class=\"elementor-element elementor-element-17719bb5 elementor-widget__width-initial elementor-widget elementor-widget-image\" data-id=\"17719bb5\" data-element_type=\"widget\" data-e-type=\"widget\" data-widget_type=\"image.default\">\n\t\t\t\t<div class=\"elementor-widget-container\">\n\t\t\t\t\t\t\t\t\t\t\t\t\t\t\t<img fetchpriority=\"high\" decoding=\"async\" width=\"473\" height=\"319\" src=\"https:\/\/saintfrancoisdassise-toulouse.fr\/wp-content\/uploads\/2024\/07\/Communion.png\" class=\"attachment-large size-large wp-image-1738\" alt=\"\" srcset=\"https:\/\/saintfrancoisdassise-toulouse.fr\/wp-content\/uploads\/2024\/07\/Communion.png 473w, https:\/\/saintfrancoisdassise-toulouse.fr\/wp-content\/uploads\/2024\/07\/Communion-300x202.png 300w\" sizes=\"(max-width: 473px) 100vw, 473px\" \/>\t\t\t\t\t\t\t\t\t\t\t\t\t\t\t<\/div>\n\t\t\t\t<\/div>\n\t\t\t\t<\/div>\n\t\t<div class=\"elementor-element elementor-element-477e1f6 e-con-full e-flex e-con e-child\" data-id=\"477e1f6\" data-element_type=\"container\" data-e-type=\"container\">\n\t\t\t\t<div class=\"elementor-element elementor-element-3f2c8131 elementor-widget elementor-widget-text-editor\" data-id=\"3f2c8131\" data-element_type=\"widget\" data-e-type=\"widget\" data-widget_type=\"text-editor.default\">\n\t\t\t\t<div class=\"elementor-widget-container\">\n\t\t\t\t\t\t\t\t\t<p style=\"padding-left: 40px;\">Le sacrement de l&#8217;Eucharistie ou Communion est l&#8217;un des sept sacrements de l&#8217;\u00c9glise catholique. Il est un sacrement central de la vie chr\u00e9tienne, car il permet aux fid\u00e8les de recevoir le corps et le sang du Christ sous les apparences du pain et du vin.<\/p><p style=\"padding-left: 40px;\">L&#8217;Eucharistie est c\u00e9l\u00e9br\u00e9e au cours de la messe. Le pr\u00eatre prononce les paroles de cons\u00e9cration sur le pain et le vin, qui deviennent alors le corps et le sang du Christ. Les fid\u00e8les peuvent recevoir l&#8217;Eucharistie en communiant, c&#8217;est-\u00e0-dire en mangeant le pain consacr\u00e9 et en buvant le vin consacr\u00e9.<\/p>\t\t\t\t\t\t\t\t<\/div>\n\t\t\t\t<\/div>\n\t\t\t\t<\/div>\n\t\t\t\t\t<\/div>\n\t\t\t\t<\/div>\n\t\t<div class=\"elementor-element elementor-element-5f15563 e-flex e-con-boxed e-con e-parent\" data-id=\"5f15563\" data-element_type=\"container\" data-e-type=\"container\">\n\t\t\t\t\t<div class=\"e-con-inner\">\n\t\t\t\t<div class=\"elementor-element elementor-element-5f8fe98 elementor-widget elementor-widget-text-editor\" data-id=\"5f8fe98\" data-element_type=\"widget\" data-e-type=\"widget\" data-widget_type=\"text-editor.default\">\n\t\t\t\t<div class=\"elementor-widget-container\">\n\t\t\t\t\t\t\t\t\t<p>L&#8217;Eucharistie permet aux fid\u00e8les de recevoir la gr\u00e2ce de Dieu et de renforcer leur foi. Elle est \u00e9galement un signe de l&#8217;unit\u00e9 de l&#8217;\u00c9glise, car tous les fid\u00e8les sont unis dans la communion avec le Christ et avec les autres membres de l&#8217;\u00c9glise.<\/p>\t\t\t\t\t\t\t\t<\/div>\n\t\t\t\t<\/div>\n\t\t\t\t\t<\/div>\n\t\t\t\t<\/div>\n\t\t<div class=\"elementor-element elementor-element-262e908 e-flex e-con-boxed e-con e-parent\" data-id=\"262e908\" data-element_type=\"container\" data-e-type=\"container\" data-settings=\"{&quot;background_background&quot;:&quot;classic&quot;}\">\n\t\t\t\t\t<div class=\"e-con-inner\">\n\t\t<div class=\"elementor-element elementor-element-623ec46d e-flex e-con-boxed e-con e-child\" data-id=\"623ec46d\" data-element_type=\"container\" data-e-type=\"container\" data-settings=\"{&quot;background_background&quot;:&quot;classic&quot;}\">\n\t\t\t\t\t<div class=\"e-con-inner\">\n\t\t\t\t<div class=\"elementor-element elementor-element-baa6072 elementor-widget elementor-widget-text-editor\" data-id=\"baa6072\" data-element_type=\"widget\" data-e-type=\"widget\" data-widget_type=\"text-editor.default\">\n\t\t\t\t<div class=\"elementor-widget-container\">\n\t\t\t\t\t\t\t\t\t<p style=\"text-align: left;\">Vous souhaitez vous-m\u00eame ou votre enfant vous pr\u00e9parer \u00e0 recevoir ce sacrement ?&nbsp; Prenez contact avec le secr\u00e9tariat de la paroisse : <a style=\"color: #ffffff;text-decoration-line: underline;\" href=\"mailto:sec.saintfrancois@gmail.com\">sec.saintfrancois@gmail.com<\/a><\/p>\t\t\t\t\t\t\t\t<\/div>\n\t\t\t\t<\/div>\n\t\t\t\t\t<\/div>\n\t\t\t\t<\/div>\n\t\t\t\t\t<\/div>\n\t\t\t\t<\/div>\n\t\t\t\t<\/div>\n\t\t","protected":false},"excerpt":{"rendered":"<p>1\u00e8re communion Le sacrement de l&#8217;Eucharistie ou Communion est l&#8217;un des sept sacrements de l&#8217;\u00c9glise catholique. Il est un sacrement central de la vie chr\u00e9tienne, car il permet aux fid\u00e8les de recevoir le corps et le sang du Christ sous les apparences du pain et du vin. L&#8217;Eucharistie est c\u00e9l\u00e9br\u00e9e au cours de la messe. Le pr\u00eatre prononce les paroles de cons\u00e9cration sur le pain et le vin, qui deviennent alors le corps et le sang du Christ. Les fid\u00e8les peuvent recevoir l&#8217;Eucharistie en communiant, c&#8217;est-\u00e0-dire en mangeant le pain consacr\u00e9 et en buvant le vin consacr\u00e9. L&#8217;Eucharistie permet aux&#8230; <\/p>\n","protected":false},"author":2,"featured_media":0,"parent":0,"menu_order":0,"comment_status":"closed","ping_status":"closed","template":"template-parts\/page-template-full-width.php","meta":{"footnotes":""},"class_list":["post-1379","page","type-page","status-publish","hentry"],"yoast_head":"<!-- This site is optimized with the Yoast SEO plugin v24.4 - https:\/\/yoast.com\/wordpress\/plugins\/seo\/ -->\n<title>1ere Communion - Saint Fran\u00e7ois d&#039;Assise<\/title>\n<meta name=\"robots\" content=\"index, follow, max-snippet:-1, max-image-preview:large, max-video-preview:-1\" \/>\n<link rel=\"canonical\" href=\"https:\/\/saintfrancoisdassise-toulouse.fr\/?page_id=1379\" \/>\n<meta property=\"og:locale\" content=\"en_US\" \/>\n<meta property=\"og:type\" content=\"article\" \/>\n<meta property=\"og:title\" content=\"1ere Communion - Saint Fran\u00e7ois d&#039;Assise\" \/>\n<meta property=\"og:description\" content=\"1\u00e8re communion Le sacrement de l&#8217;Eucharistie ou Communion est l&#8217;un des sept sacrements de l&#8217;\u00c9glise catholique. Il est un sacrement central de la vie chr\u00e9tienne, car il permet aux fid\u00e8les de recevoir le corps et le sang du Christ sous les apparences du pain et du vin. L&#8217;Eucharistie est c\u00e9l\u00e9br\u00e9e au cours de la messe. Le pr\u00eatre prononce les paroles de cons\u00e9cration sur le pain et le vin, qui deviennent alors le corps et le sang du Christ. Les fid\u00e8les peuvent recevoir l&#8217;Eucharistie en communiant, c&#8217;est-\u00e0-dire en mangeant le pain consacr\u00e9 et en buvant le vin consacr\u00e9. L&#8217;Eucharistie permet aux...\" \/>\n<meta property=\"og:url\" content=\"https:\/\/saintfrancoisdassise-toulouse.fr\/?page_id=1379\" \/>\n<meta property=\"og:site_name\" content=\"Saint Fran\u00e7ois d&#039;Assise\" \/>\n<meta property=\"article:modified_time\" content=\"2024-08-30T16:46:37+00:00\" \/>\n<meta property=\"og:image\" content=\"http:\/\/saintfrancoisdassise-toulouse.fr\/wp-content\/uploads\/2024\/07\/Communion.png\" \/>\n<meta name=\"twitter:card\" content=\"summary_large_image\" \/>\n<meta name=\"twitter:label1\" content=\"Est. reading time\" \/>\n\t<meta name=\"twitter:data1\" content=\"1 minute\" \/>\n<script type=\"application\/ld+json\" class=\"yoast-schema-graph\">{\"@context\":\"https:\/\/schema.org\",\"@graph\":[{\"@type\":\"WebPage\",\"@id\":\"https:\/\/saintfrancoisdassise-toulouse.fr\/?page_id=1379\",\"url\":\"https:\/\/saintfrancoisdassise-toulouse.fr\/?page_id=1379\",\"name\":\"1ere Communion - Saint Fran\u00e7ois d&#039;Assise\",\"isPartOf\":{\"@id\":\"https:\/\/saintfrancoisdassise-toulouse.fr\/#website\"},\"primaryImageOfPage\":{\"@id\":\"https:\/\/saintfrancoisdassise-toulouse.fr\/?page_id=1379#primaryimage\"},\"image\":{\"@id\":\"https:\/\/saintfrancoisdassise-toulouse.fr\/?page_id=1379#primaryimage\"},\"thumbnailUrl\":\"http:\/\/saintfrancoisdassise-toulouse.fr\/wp-content\/uploads\/2024\/07\/Communion.png\",\"datePublished\":\"2024-03-16T17:41:39+00:00\",\"dateModified\":\"2024-08-30T16:46:37+00:00\",\"breadcrumb\":{\"@id\":\"https:\/\/saintfrancoisdassise-toulouse.fr\/?page_id=1379#breadcrumb\"},\"inLanguage\":\"en-US\",\"potentialAction\":[{\"@type\":\"ReadAction\",\"target\":[\"https:\/\/saintfrancoisdassise-toulouse.fr\/?page_id=1379\"]}]},{\"@type\":\"ImageObject\",\"inLanguage\":\"en-US\",\"@id\":\"https:\/\/saintfrancoisdassise-toulouse.fr\/?page_id=1379#primaryimage\",\"url\":\"https:\/\/saintfrancoisdassise-toulouse.fr\/wp-content\/uploads\/2024\/07\/Communion.png\",\"contentUrl\":\"https:\/\/saintfrancoisdassise-toulouse.fr\/wp-content\/uploads\/2024\/07\/Communion.png\",\"width\":473,\"height\":319},{\"@type\":\"BreadcrumbList\",\"@id\":\"https:\/\/saintfrancoisdassise-toulouse.fr\/?page_id=1379#breadcrumb\",\"itemListElement\":[{\"@type\":\"ListItem\",\"position\":1,\"name\":\"Accueil\",\"item\":\"https:\/\/saintfrancoisdassise-toulouse.fr\/\"},{\"@type\":\"ListItem\",\"position\":2,\"name\":\"1ere Communion\"}]},{\"@type\":\"WebSite\",\"@id\":\"https:\/\/saintfrancoisdassise-toulouse.fr\/#website\",\"url\":\"https:\/\/saintfrancoisdassise-toulouse.fr\/\",\"name\":\"Saint Fran\u00e7ois d'Assise\",\"description\":\"106 bis avenue Camille Pujol, 31500 Toulouse\",\"potentialAction\":[{\"@type\":\"SearchAction\",\"target\":{\"@type\":\"EntryPoint\",\"urlTemplate\":\"https:\/\/saintfrancoisdassise-toulouse.fr\/?s={search_term_string}\"},\"query-input\":{\"@type\":\"PropertyValueSpecification\",\"valueRequired\":true,\"valueName\":\"search_term_string\"}}],\"inLanguage\":\"en-US\"}]}<\/script>\n<!-- \/ Yoast SEO plugin. -->","yoast_head_json":{"title":"1ere Communion - Saint Fran\u00e7ois d&#039;Assise","robots":{"index":"index","follow":"follow","max-snippet":"max-snippet:-1","max-image-preview":"max-image-preview:large","max-video-preview":"max-video-preview:-1"},"canonical":"https:\/\/saintfrancoisdassise-toulouse.fr\/?page_id=1379","og_locale":"en_US","og_type":"article","og_title":"1ere Communion - Saint Fran\u00e7ois d&#039;Assise","og_description":"1\u00e8re communion Le sacrement de l&#8217;Eucharistie ou Communion est l&#8217;un des sept sacrements de l&#8217;\u00c9glise catholique. Il est un sacrement central de la vie chr\u00e9tienne, car il permet aux fid\u00e8les de recevoir le corps et le sang du Christ sous les apparences du pain et du vin. L&#8217;Eucharistie est c\u00e9l\u00e9br\u00e9e au cours de la messe. Le pr\u00eatre prononce les paroles de cons\u00e9cration sur le pain et le vin, qui deviennent alors le corps et le sang du Christ. Les fid\u00e8les peuvent recevoir l&#8217;Eucharistie en communiant, c&#8217;est-\u00e0-dire en mangeant le pain consacr\u00e9 et en buvant le vin consacr\u00e9. L&#8217;Eucharistie permet aux...","og_url":"https:\/\/saintfrancoisdassise-toulouse.fr\/?page_id=1379","og_site_name":"Saint Fran\u00e7ois d&#039;Assise","article_modified_time":"2024-08-30T16:46:37+00:00","og_image":[{"url":"http:\/\/saintfrancoisdassise-toulouse.fr\/wp-content\/uploads\/2024\/07\/Communion.png","type":"","width":"","height":""}],"twitter_card":"summary_large_image","twitter_misc":{"Est. reading time":"1 minute"},"schema":{"@context":"https:\/\/schema.org","@graph":[{"@type":"WebPage","@id":"https:\/\/saintfrancoisdassise-toulouse.fr\/?page_id=1379","url":"https:\/\/saintfrancoisdassise-toulouse.fr\/?page_id=1379","name":"1ere Communion - Saint Fran\u00e7ois d&#039;Assise","isPartOf":{"@id":"https:\/\/saintfrancoisdassise-toulouse.fr\/#website"},"primaryImageOfPage":{"@id":"https:\/\/saintfrancoisdassise-toulouse.fr\/?page_id=1379#primaryimage"},"image":{"@id":"https:\/\/saintfrancoisdassise-toulouse.fr\/?page_id=1379#primaryimage"},"thumbnailUrl":"http:\/\/saintfrancoisdassise-toulouse.fr\/wp-content\/uploads\/2024\/07\/Communion.png","datePublished":"2024-03-16T17:41:39+00:00","dateModified":"2024-08-30T16:46:37+00:00","breadcrumb":{"@id":"https:\/\/saintfrancoisdassise-toulouse.fr\/?page_id=1379#breadcrumb"},"inLanguage":"en-US","potentialAction":[{"@type":"ReadAction","target":["https:\/\/saintfrancoisdassise-toulouse.fr\/?page_id=1379"]}]},{"@type":"ImageObject","inLanguage":"en-US","@id":"https:\/\/saintfrancoisdassise-toulouse.fr\/?page_id=1379#primaryimage","url":"https:\/\/saintfrancoisdassise-toulouse.fr\/wp-content\/uploads\/2024\/07\/Communion.png","contentUrl":"https:\/\/saintfrancoisdassise-toulouse.fr\/wp-content\/uploads\/2024\/07\/Communion.png","width":473,"height":319},{"@type":"BreadcrumbList","@id":"https:\/\/saintfrancoisdassise-toulouse.fr\/?page_id=1379#breadcrumb","itemListElement":[{"@type":"ListItem","position":1,"name":"Accueil","item":"https:\/\/saintfrancoisdassise-toulouse.fr\/"},{"@type":"ListItem","position":2,"name":"1ere Communion"}]},{"@type":"WebSite","@id":"https:\/\/saintfrancoisdassise-toulouse.fr\/#website","url":"https:\/\/saintfrancoisdassise-toulouse.fr\/","name":"Saint Fran\u00e7ois d'Assise","description":"106 bis avenue Camille Pujol, 31500 Toulouse","potentialAction":[{"@type":"SearchAction","target":{"@type":"EntryPoint","urlTemplate":"https:\/\/saintfrancoisdassise-toulouse.fr\/?s={search_term_string}"},"query-input":{"@type":"PropertyValueSpecification","valueRequired":true,"valueName":"search_term_string"}}],"inLanguage":"en-US"}]}},"_links":{"self":[{"href":"https:\/\/saintfrancoisdassise-toulouse.fr\/index.php?rest_route=\/wp\/v2\/pages\/1379","targetHints":{"allow":["GET"]}}],"collection":[{"href":"https:\/\/saintfrancoisdassise-toulouse.fr\/index.php?rest_route=\/wp\/v2\/pages"}],"about":[{"href":"https:\/\/saintfrancoisdassise-toulouse.fr\/index.php?rest_route=\/wp\/v2\/types\/page"}],"author":[{"embeddable":true,"href":"https:\/\/saintfrancoisdassise-toulouse.fr\/index.php?rest_route=\/wp\/v2\/users\/2"}],"replies":[{"embeddable":true,"href":"https:\/\/saintfrancoisdassise-toulouse.fr\/index.php?rest_route=%2Fwp%2Fv2%2Fcomments&post=1379"}],"version-history":[{"count":31,"href":"https:\/\/saintfrancoisdassise-toulouse.fr\/index.php?rest_route=\/wp\/v2\/pages\/1379\/revisions"}],"predecessor-version":[{"id":2298,"href":"https:\/\/saintfrancoisdassise-toulouse.fr\/index.php?rest_route=\/wp\/v2\/pages\/1379\/revisions\/2298"}],"wp:attachment":[{"href":"https:\/\/saintfrancoisdassise-toulouse.fr\/index.php?rest_route=%2Fwp%2Fv2%2Fmedia&parent=1379"}],"curies":[{"name":"wp","href":"https:\/\/api.w.org\/{rel}","templated":true}]}}