{"id":1430,"date":"2024-03-23T20:16:12","date_gmt":"2024-03-23T19:16:12","guid":{"rendered":"https:\/\/saintfrancoisdassise-toulouse.fr\/?page_id=1430"},"modified":"2024-08-11T19:12:30","modified_gmt":"2024-08-11T17:12:30","slug":"elementor-1430","status":"publish","type":"page","link":"https:\/\/saintfrancoisdassise-toulouse.fr\/?page_id=1430","title":{"rendered":"Table ouverte"},"content":{"rendered":"\t\t<div data-elementor-type=\"wp-page\" data-elementor-id=\"1430\" class=\"elementor elementor-1430\">\n\t\t\t\t<div class=\"elementor-element elementor-element-664043a2 e-flex e-con-boxed e-con e-parent\" data-id=\"664043a2\" data-element_type=\"container\" data-e-type=\"container\">\n\t\t\t\t\t<div class=\"e-con-inner\">\n\t\t\t\t<div class=\"elementor-element elementor-element-2e9318fb elementor-widget elementor-widget-heading\" data-id=\"2e9318fb\" data-element_type=\"widget\" data-e-type=\"widget\" data-widget_type=\"heading.default\">\n\t\t\t\t<div class=\"elementor-widget-container\">\n\t\t\t\t\t<h1 class=\"elementor-heading-title elementor-size-default\">Table ouverte<\/h1>\t\t\t\t<\/div>\n\t\t\t\t<\/div>\n\t\t\t\t\t<\/div>\n\t\t\t\t<\/div>\n\t\t<div class=\"elementor-element elementor-element-29d84ff4 e-flex e-con-boxed e-con e-parent\" data-id=\"29d84ff4\" data-element_type=\"container\" data-e-type=\"container\">\n\t\t\t\t\t<div class=\"e-con-inner\">\n\t\t<div class=\"elementor-element elementor-element-7850a5ee e-con-full e-flex e-con e-child\" data-id=\"7850a5ee\" data-element_type=\"container\" data-e-type=\"container\">\n\t\t\t\t<div class=\"elementor-element elementor-element-7d0f5efd elementor-widget elementor-widget-image\" data-id=\"7d0f5efd\" data-element_type=\"widget\" data-e-type=\"widget\" data-widget_type=\"image.default\">\n\t\t\t\t<div class=\"elementor-widget-container\">\n\t\t\t\t\t\t\t\t\t\t\t\t\t\t\t<img decoding=\"async\" src=\"https:\/\/saintfrancoisdassise-toulouse.fr\/wp-content\/uploads\/2024\/08\/table-ouverte-2.jpg\" title=\"table ouverte\" alt=\"table ouverte\" loading=\"lazy\" \/>\t\t\t\t\t\t\t\t\t\t\t\t\t\t\t<\/div>\n\t\t\t\t<\/div>\n\t\t\t\t<\/div>\n\t\t<div class=\"elementor-element elementor-element-1f601a40 e-con-full e-flex e-con e-child\" data-id=\"1f601a40\" data-element_type=\"container\" data-e-type=\"container\">\n\t\t\t\t<div class=\"elementor-element elementor-element-429ff096 elementor-widget elementor-widget-text-editor\" data-id=\"429ff096\" data-element_type=\"widget\" data-e-type=\"widget\" data-widget_type=\"text-editor.default\">\n\t\t\t\t<div class=\"elementor-widget-container\">\n\t\t\t\t\t\t\t\t\t<p>La paroisse Saint-Fran\u00e7ois d&#8217;Assise est connue pour son sens de l&#8217;accueil et de la convivialit\u00e9 !<\/p><p>C&#8217;est pourquoi, elle organise r\u00e9guli\u00e8rement des repas conviviaux pour rassembler les paroissiens et les habitants du quartier. Ces repas sont l&#8217;occasion de se retrouver autour d&#8217;un bon repas et de passer un moment agr\u00e9able ensemble.<\/p><p>Une \u00e9quipe Tables Ouvertes est \u00e0 l\u2019\u0153uvre pour organiser\u00a0la communication et la logistique notamment des ap\u00e9ritifs et du caf\u00e9 offerts par la paroisse. Chacun vient ensuite apporter sa contribution culinaire\u00a0: plats sal\u00e9s, fromage, desserts etc.<\/p><p>Ces repas conviviaux sont ouverts \u00e0 tous et sont l&#8217;occasion de rencontrer de nouvelles personnes, de discuter et de partager des moments de joie et de bonne humeur. Les enfants sont \u00e9galement les bienvenus.<\/p>\t\t\t\t\t\t\t\t<\/div>\n\t\t\t\t<\/div>\n\t\t\t\t<\/div>\n\t\t\t\t\t<\/div>\n\t\t\t\t<\/div>\n\t\t<div class=\"elementor-element elementor-element-256f0a34 e-flex e-con-boxed e-con e-parent\" data-id=\"256f0a34\" data-element_type=\"container\" data-e-type=\"container\" data-settings=\"{&quot;background_background&quot;:&quot;classic&quot;}\">\n\t\t\t\t\t<div class=\"e-con-inner\">\n\t\t<div class=\"elementor-element elementor-element-52499cb8 e-flex e-con-boxed e-con e-child\" data-id=\"52499cb8\" data-element_type=\"container\" data-e-type=\"container\" data-settings=\"{&quot;background_background&quot;:&quot;classic&quot;}\">\n\t\t\t\t\t<div class=\"e-con-inner\">\n\t\t<div class=\"elementor-element elementor-element-7a9f8ea1 e-flex e-con-boxed e-con e-child\" data-id=\"7a9f8ea1\" data-element_type=\"container\" data-e-type=\"container\" data-settings=\"{&quot;background_background&quot;:&quot;classic&quot;}\">\n\t\t\t\t\t<div class=\"e-con-inner\">\n\t\t\t\t<div class=\"elementor-element elementor-element-2d4c4d0 elementor-widget elementor-widget-text-editor\" data-id=\"2d4c4d0\" data-element_type=\"widget\" data-e-type=\"widget\" data-widget_type=\"text-editor.default\">\n\t\t\t\t<div class=\"elementor-widget-container\">\n\t\t\t\t\t\t\t\t\t<p>Alors n&#8217;h\u00e9sitez plus, rejoignez-nous pour notre prochain repas convivial ! Vous serez accueillis \u00e0 bras ouverts et vous passerez un moment fraternel en notre compagnie.<\/p>\t\t\t\t\t\t\t\t<\/div>\n\t\t\t\t<\/div>\n\t\t\t\t\t<\/div>\n\t\t\t\t<\/div>\n\t\t\t\t\t<\/div>\n\t\t\t\t<\/div>\n\t\t\t\t\t<\/div>\n\t\t\t\t<\/div>\n\t\t\t\t<\/div>\n\t\t","protected":false},"excerpt":{"rendered":"<p>Table ouverte La paroisse Saint-Fran\u00e7ois d&#8217;Assise est connue pour son sens de l&#8217;accueil et de la convivialit\u00e9 ! C&#8217;est pourquoi, elle organise r\u00e9guli\u00e8rement des repas conviviaux pour rassembler les paroissiens et les habitants du quartier. Ces repas sont l&#8217;occasion de se retrouver autour d&#8217;un bon repas et de passer un moment agr\u00e9able ensemble. Une \u00e9quipe Tables Ouvertes est \u00e0 l\u2019\u0153uvre pour organiser\u00a0la communication et la logistique notamment des ap\u00e9ritifs et du caf\u00e9 offerts par la paroisse. Chacun vient ensuite apporter sa contribution culinaire\u00a0: plats sal\u00e9s, fromage, desserts etc. Ces repas conviviaux sont ouverts \u00e0 tous et sont l&#8217;occasion de rencontrer&#8230; <\/p>\n","protected":false},"author":2,"featured_media":0,"parent":0,"menu_order":0,"comment_status":"closed","ping_status":"closed","template":"template-parts\/page-template-full-width.php","meta":{"footnotes":""},"class_list":["post-1430","page","type-page","status-publish","hentry"],"yoast_head":"<!-- This site is optimized with the Yoast SEO plugin v24.4 - https:\/\/yoast.com\/wordpress\/plugins\/seo\/ -->\n<title>Table ouverte - Saint Fran\u00e7ois d&#039;Assise<\/title>\n<meta name=\"robots\" content=\"index, follow, max-snippet:-1, max-image-preview:large, max-video-preview:-1\" \/>\n<link rel=\"canonical\" href=\"https:\/\/saintfrancoisdassise-toulouse.fr\/?page_id=1430\" \/>\n<meta property=\"og:locale\" content=\"en_US\" \/>\n<meta property=\"og:type\" content=\"article\" \/>\n<meta property=\"og:title\" content=\"Table ouverte - Saint Fran\u00e7ois d&#039;Assise\" \/>\n<meta property=\"og:description\" content=\"Table ouverte La paroisse Saint-Fran\u00e7ois d&#8217;Assise est connue pour son sens de l&#8217;accueil et de la convivialit\u00e9 ! C&#8217;est pourquoi, elle organise r\u00e9guli\u00e8rement des repas conviviaux pour rassembler les paroissiens et les habitants du quartier. Ces repas sont l&#8217;occasion de se retrouver autour d&#8217;un bon repas et de passer un moment agr\u00e9able ensemble. Une \u00e9quipe Tables Ouvertes est \u00e0 l\u2019\u0153uvre pour organiser\u00a0la communication et la logistique notamment des ap\u00e9ritifs et du caf\u00e9 offerts par la paroisse. Chacun vient ensuite apporter sa contribution culinaire\u00a0: plats sal\u00e9s, fromage, desserts etc. Ces repas conviviaux sont ouverts \u00e0 tous et sont l&#8217;occasion de rencontrer...\" \/>\n<meta property=\"og:url\" content=\"https:\/\/saintfrancoisdassise-toulouse.fr\/?page_id=1430\" \/>\n<meta property=\"og:site_name\" content=\"Saint Fran\u00e7ois d&#039;Assise\" \/>\n<meta property=\"article:modified_time\" content=\"2024-08-11T17:12:30+00:00\" \/>\n<meta property=\"og:image\" content=\"http:\/\/saintfrancoisdassise-toulouse.fr\/wp-content\/uploads\/elementor\/thumbs\/table-ouverte-2-qsgbztvyoe35n7hd91lpgq6kp8f9475013gaku53ww.jpg\" \/>\n<meta name=\"twitter:card\" content=\"summary_large_image\" \/>\n<meta name=\"twitter:label1\" content=\"Est. reading time\" \/>\n\t<meta name=\"twitter:data1\" content=\"1 minute\" \/>\n<script type=\"application\/ld+json\" class=\"yoast-schema-graph\">{\"@context\":\"https:\/\/schema.org\",\"@graph\":[{\"@type\":\"WebPage\",\"@id\":\"https:\/\/saintfrancoisdassise-toulouse.fr\/?page_id=1430\",\"url\":\"https:\/\/saintfrancoisdassise-toulouse.fr\/?page_id=1430\",\"name\":\"Table ouverte - Saint Fran\u00e7ois d&#039;Assise\",\"isPartOf\":{\"@id\":\"https:\/\/saintfrancoisdassise-toulouse.fr\/#website\"},\"primaryImageOfPage\":{\"@id\":\"https:\/\/saintfrancoisdassise-toulouse.fr\/?page_id=1430#primaryimage\"},\"image\":{\"@id\":\"https:\/\/saintfrancoisdassise-toulouse.fr\/?page_id=1430#primaryimage\"},\"thumbnailUrl\":\"http:\/\/saintfrancoisdassise-toulouse.fr\/wp-content\/uploads\/elementor\/thumbs\/table-ouverte-2-qsgbztvyoe35n7hd91lpgq6kp8f9475013gaku53ww.jpg\",\"datePublished\":\"2024-03-23T19:16:12+00:00\",\"dateModified\":\"2024-08-11T17:12:30+00:00\",\"breadcrumb\":{\"@id\":\"https:\/\/saintfrancoisdassise-toulouse.fr\/?page_id=1430#breadcrumb\"},\"inLanguage\":\"en-US\",\"potentialAction\":[{\"@type\":\"ReadAction\",\"target\":[\"https:\/\/saintfrancoisdassise-toulouse.fr\/?page_id=1430\"]}]},{\"@type\":\"ImageObject\",\"inLanguage\":\"en-US\",\"@id\":\"https:\/\/saintfrancoisdassise-toulouse.fr\/?page_id=1430#primaryimage\",\"url\":\"http:\/\/saintfrancoisdassise-toulouse.fr\/wp-content\/uploads\/elementor\/thumbs\/table-ouverte-2-qsgbztvyoe35n7hd91lpgq6kp8f9475013gaku53ww.jpg\",\"contentUrl\":\"http:\/\/saintfrancoisdassise-toulouse.fr\/wp-content\/uploads\/elementor\/thumbs\/table-ouverte-2-qsgbztvyoe35n7hd91lpgq6kp8f9475013gaku53ww.jpg\"},{\"@type\":\"BreadcrumbList\",\"@id\":\"https:\/\/saintfrancoisdassise-toulouse.fr\/?page_id=1430#breadcrumb\",\"itemListElement\":[{\"@type\":\"ListItem\",\"position\":1,\"name\":\"Accueil\",\"item\":\"https:\/\/saintfrancoisdassise-toulouse.fr\/\"},{\"@type\":\"ListItem\",\"position\":2,\"name\":\"Table ouverte\"}]},{\"@type\":\"WebSite\",\"@id\":\"https:\/\/saintfrancoisdassise-toulouse.fr\/#website\",\"url\":\"https:\/\/saintfrancoisdassise-toulouse.fr\/\",\"name\":\"Saint Fran\u00e7ois d'Assise\",\"description\":\"106 bis avenue Camille Pujol, 31500 Toulouse\",\"potentialAction\":[{\"@type\":\"SearchAction\",\"target\":{\"@type\":\"EntryPoint\",\"urlTemplate\":\"https:\/\/saintfrancoisdassise-toulouse.fr\/?s={search_term_string}\"},\"query-input\":{\"@type\":\"PropertyValueSpecification\",\"valueRequired\":true,\"valueName\":\"search_term_string\"}}],\"inLanguage\":\"en-US\"}]}<\/script>\n<!-- \/ Yoast SEO plugin. -->","yoast_head_json":{"title":"Table ouverte - Saint Fran\u00e7ois d&#039;Assise","robots":{"index":"index","follow":"follow","max-snippet":"max-snippet:-1","max-image-preview":"max-image-preview:large","max-video-preview":"max-video-preview:-1"},"canonical":"https:\/\/saintfrancoisdassise-toulouse.fr\/?page_id=1430","og_locale":"en_US","og_type":"article","og_title":"Table ouverte - Saint Fran\u00e7ois d&#039;Assise","og_description":"Table ouverte La paroisse Saint-Fran\u00e7ois d&#8217;Assise est connue pour son sens de l&#8217;accueil et de la convivialit\u00e9 ! C&#8217;est pourquoi, elle organise r\u00e9guli\u00e8rement des repas conviviaux pour rassembler les paroissiens et les habitants du quartier. Ces repas sont l&#8217;occasion de se retrouver autour d&#8217;un bon repas et de passer un moment agr\u00e9able ensemble. Une \u00e9quipe Tables Ouvertes est \u00e0 l\u2019\u0153uvre pour organiser\u00a0la communication et la logistique notamment des ap\u00e9ritifs et du caf\u00e9 offerts par la paroisse. Chacun vient ensuite apporter sa contribution culinaire\u00a0: plats sal\u00e9s, fromage, desserts etc. Ces repas conviviaux sont ouverts \u00e0 tous et sont l&#8217;occasion de rencontrer...","og_url":"https:\/\/saintfrancoisdassise-toulouse.fr\/?page_id=1430","og_site_name":"Saint Fran\u00e7ois d&#039;Assise","article_modified_time":"2024-08-11T17:12:30+00:00","og_image":[{"url":"http:\/\/saintfrancoisdassise-toulouse.fr\/wp-content\/uploads\/elementor\/thumbs\/table-ouverte-2-qsgbztvyoe35n7hd91lpgq6kp8f9475013gaku53ww.jpg","type":"","width":"","height":""}],"twitter_card":"summary_large_image","twitter_misc":{"Est. reading time":"1 minute"},"schema":{"@context":"https:\/\/schema.org","@graph":[{"@type":"WebPage","@id":"https:\/\/saintfrancoisdassise-toulouse.fr\/?page_id=1430","url":"https:\/\/saintfrancoisdassise-toulouse.fr\/?page_id=1430","name":"Table ouverte - Saint Fran\u00e7ois d&#039;Assise","isPartOf":{"@id":"https:\/\/saintfrancoisdassise-toulouse.fr\/#website"},"primaryImageOfPage":{"@id":"https:\/\/saintfrancoisdassise-toulouse.fr\/?page_id=1430#primaryimage"},"image":{"@id":"https:\/\/saintfrancoisdassise-toulouse.fr\/?page_id=1430#primaryimage"},"thumbnailUrl":"http:\/\/saintfrancoisdassise-toulouse.fr\/wp-content\/uploads\/elementor\/thumbs\/table-ouverte-2-qsgbztvyoe35n7hd91lpgq6kp8f9475013gaku53ww.jpg","datePublished":"2024-03-23T19:16:12+00:00","dateModified":"2024-08-11T17:12:30+00:00","breadcrumb":{"@id":"https:\/\/saintfrancoisdassise-toulouse.fr\/?page_id=1430#breadcrumb"},"inLanguage":"en-US","potentialAction":[{"@type":"ReadAction","target":["https:\/\/saintfrancoisdassise-toulouse.fr\/?page_id=1430"]}]},{"@type":"ImageObject","inLanguage":"en-US","@id":"https:\/\/saintfrancoisdassise-toulouse.fr\/?page_id=1430#primaryimage","url":"http:\/\/saintfrancoisdassise-toulouse.fr\/wp-content\/uploads\/elementor\/thumbs\/table-ouverte-2-qsgbztvyoe35n7hd91lpgq6kp8f9475013gaku53ww.jpg","contentUrl":"http:\/\/saintfrancoisdassise-toulouse.fr\/wp-content\/uploads\/elementor\/thumbs\/table-ouverte-2-qsgbztvyoe35n7hd91lpgq6kp8f9475013gaku53ww.jpg"},{"@type":"BreadcrumbList","@id":"https:\/\/saintfrancoisdassise-toulouse.fr\/?page_id=1430#breadcrumb","itemListElement":[{"@type":"ListItem","position":1,"name":"Accueil","item":"https:\/\/saintfrancoisdassise-toulouse.fr\/"},{"@type":"ListItem","position":2,"name":"Table ouverte"}]},{"@type":"WebSite","@id":"https:\/\/saintfrancoisdassise-toulouse.fr\/#website","url":"https:\/\/saintfrancoisdassise-toulouse.fr\/","name":"Saint Fran\u00e7ois d'Assise","description":"106 bis avenue Camille Pujol, 31500 Toulouse","potentialAction":[{"@type":"SearchAction","target":{"@type":"EntryPoint","urlTemplate":"https:\/\/saintfrancoisdassise-toulouse.fr\/?s={search_term_string}"},"query-input":{"@type":"PropertyValueSpecification","valueRequired":true,"valueName":"search_term_string"}}],"inLanguage":"en-US"}]}},"_links":{"self":[{"href":"https:\/\/saintfrancoisdassise-toulouse.fr\/index.php?rest_route=\/wp\/v2\/pages\/1430","targetHints":{"allow":["GET"]}}],"collection":[{"href":"https:\/\/saintfrancoisdassise-toulouse.fr\/index.php?rest_route=\/wp\/v2\/pages"}],"about":[{"href":"https:\/\/saintfrancoisdassise-toulouse.fr\/index.php?rest_route=\/wp\/v2\/types\/page"}],"author":[{"embeddable":true,"href":"https:\/\/saintfrancoisdassise-toulouse.fr\/index.php?rest_route=\/wp\/v2\/users\/2"}],"replies":[{"embeddable":true,"href":"https:\/\/saintfrancoisdassise-toulouse.fr\/index.php?rest_route=%2Fwp%2Fv2%2Fcomments&post=1430"}],"version-history":[{"count":14,"href":"https:\/\/saintfrancoisdassise-toulouse.fr\/index.php?rest_route=\/wp\/v2\/pages\/1430\/revisions"}],"predecessor-version":[{"id":2011,"href":"https:\/\/saintfrancoisdassise-toulouse.fr\/index.php?rest_route=\/wp\/v2\/pages\/1430\/revisions\/2011"}],"wp:attachment":[{"href":"https:\/\/saintfrancoisdassise-toulouse.fr\/index.php?rest_route=%2Fwp%2Fv2%2Fmedia&parent=1430"}],"curies":[{"name":"wp","href":"https:\/\/api.w.org\/{rel}","templated":true}]}}