{"id":1437,"date":"2024-03-23T20:18:45","date_gmt":"2024-03-23T19:18:45","guid":{"rendered":"https:\/\/saintfrancoisdassise-toulouse.fr\/?page_id=1437"},"modified":"2024-12-11T22:30:09","modified_gmt":"2024-12-11T21:30:09","slug":"elementor-1437","status":"publish","type":"page","link":"https:\/\/saintfrancoisdassise-toulouse.fr\/?page_id=1437","title":{"rendered":"\u00c9glise verte"},"content":{"rendered":"\t\t<div data-elementor-type=\"wp-page\" data-elementor-id=\"1437\" class=\"elementor elementor-1437\">\n\t\t\t\t<div class=\"elementor-element elementor-element-2ff32390 e-flex e-con-boxed e-con e-parent\" data-id=\"2ff32390\" data-element_type=\"container\" data-e-type=\"container\">\n\t\t\t\t\t<div class=\"e-con-inner\">\n\t\t\t\t<div class=\"elementor-element elementor-element-7765342a elementor-widget elementor-widget-heading\" data-id=\"7765342a\" data-element_type=\"widget\" data-e-type=\"widget\" data-widget_type=\"heading.default\">\n\t\t\t\t<div class=\"elementor-widget-container\">\n\t\t\t\t\t<h1 class=\"elementor-heading-title elementor-size-default\">\u00c9glise verte<\/h1>\t\t\t\t<\/div>\n\t\t\t\t<\/div>\n\t\t\t\t\t<\/div>\n\t\t\t\t<\/div>\n\t\t<div class=\"elementor-element elementor-element-6190897 e-flex e-con-boxed e-con e-parent\" data-id=\"6190897\" data-element_type=\"container\" data-e-type=\"container\">\n\t\t\t\t\t<div class=\"e-con-inner\">\n\t\t<div class=\"elementor-element elementor-element-ffbd1bc e-con-full e-flex e-con e-child\" data-id=\"ffbd1bc\" data-element_type=\"container\" data-e-type=\"container\">\n\t\t\t\t<div class=\"elementor-element elementor-element-714a326 elementor-widget__width-initial elementor-widget-mobile__width-initial elementor-widget elementor-widget-image\" data-id=\"714a326\" data-element_type=\"widget\" data-e-type=\"widget\" data-widget_type=\"image.default\">\n\t\t\t\t<div class=\"elementor-widget-container\">\n\t\t\t\t\t\t\t\t\t\t\t\t\t\t\t<img fetchpriority=\"high\" decoding=\"async\" width=\"1024\" height=\"684\" src=\"https:\/\/saintfrancoisdassise-toulouse.fr\/wp-content\/uploads\/2024\/08\/Table-4.png\" class=\"attachment-large size-large wp-image-1978\" alt=\"\" srcset=\"https:\/\/saintfrancoisdassise-toulouse.fr\/wp-content\/uploads\/2024\/08\/Table-4.png 1024w, https:\/\/saintfrancoisdassise-toulouse.fr\/wp-content\/uploads\/2024\/08\/Table-4-300x200.png 300w, https:\/\/saintfrancoisdassise-toulouse.fr\/wp-content\/uploads\/2024\/08\/Table-4-768x513.png 768w\" sizes=\"(max-width: 1024px) 100vw, 1024px\" \/>\t\t\t\t\t\t\t\t\t\t\t\t\t\t\t<\/div>\n\t\t\t\t<\/div>\n\t\t\t\t<\/div>\n\t\t<div class=\"elementor-element elementor-element-d1863a9 e-con-full e-flex e-con e-child\" data-id=\"d1863a9\" data-element_type=\"container\" data-e-type=\"container\">\n\t\t\t\t<div class=\"elementor-element elementor-element-511c9c7d elementor-widget elementor-widget-text-editor\" data-id=\"511c9c7d\" data-element_type=\"widget\" data-e-type=\"widget\" data-widget_type=\"text-editor.default\">\n\t\t\t\t<div class=\"elementor-widget-container\">\n\t\t\t\t\t\t\t\t\t<p>\u00ab\u00a0\u00c9glise verte\u00a0\u00bb est un label pour permettre aux paroisses ou communaut\u00e9s chr\u00e9tiennes de s\u2019engager sur le chemin de la conversion \u00e9cologique. Ce label a \u00e9t\u00e9 cr\u00e9\u00e9 dans la foul\u00e9e de l\u2019encyclique\u00a0\u00ab\u00a0<em>Laudato si&#8217;\u00a0\u00bb<\/em> consacr\u00e9e aux questions environnementales et sociales, \u00e0 l&#8217;\u00e9cologie int\u00e9grale, et de fa\u00e7on g\u00e9n\u00e9rale \u00e0 la sauvegarde de la Cr\u00e9ation.<\/p><p>\u00c0 St-Fran\u00e7ois d\u2019Assise, un groupe de paroissiens motiv\u00e9s a lanc\u00e9 la d\u00e9marche. Apr\u00e8s un \u00e9co-diagnostic, plusieurs actions ont \u00e9t\u00e9 engag\u00e9es\u00a0:<\/p>\t\t\t\t\t\t\t\t<\/div>\n\t\t\t\t<\/div>\n\t\t\t\t<\/div>\n\t\t\t\t\t<\/div>\n\t\t\t\t<\/div>\n\t\t<div class=\"elementor-element elementor-element-f2c89f1 e-flex e-con-boxed e-con e-parent\" data-id=\"f2c89f1\" data-element_type=\"container\" data-e-type=\"container\">\n\t\t\t\t\t<div class=\"e-con-inner\">\n\t\t\t\t<div class=\"elementor-element elementor-element-54e352c elementor-widget elementor-widget-text-editor\" data-id=\"54e352c\" data-element_type=\"widget\" data-e-type=\"widget\" data-widget_type=\"text-editor.default\">\n\t\t\t\t<div class=\"elementor-widget-container\">\n\t\t\t\t\t\t\t\t\t<ul>\n<li>Mise en place d\u2019un compost dans le jardin de l\u2019\u00e9glise ouvert \u00e0 tous les paroissiens et voisins,<br><br><\/li>\n<li>Le service \u00ab&nbsp;fleurir en liturgie&nbsp;\u00bb utilise d\u00e9sormais des fleurs locales et de saison,\n<br><br><\/li>\n<li>Une action de sensibilisation aux changements climatiques a \u00e9t\u00e9 r\u00e9alis\u00e9e lors du Car\u00eame 2024.<\/li>\n<\/ul>\n<p>Et d\u2019autres sont \u00e0 l&#8217;\u00e9tude.<\/p>\t\t\t\t\t\t\t\t<\/div>\n\t\t\t\t<\/div>\n\t\t\t\t\t<\/div>\n\t\t\t\t<\/div>\n\t\t<div class=\"elementor-element elementor-element-ae86edc e-flex e-con-boxed e-con e-parent\" data-id=\"ae86edc\" data-element_type=\"container\" data-e-type=\"container\">\n\t\t\t\t\t<div class=\"e-con-inner\">\n\t\t<div class=\"elementor-element elementor-element-d1dd727 e-flex e-con-boxed e-con e-child\" data-id=\"d1dd727\" data-element_type=\"container\" data-e-type=\"container\" data-settings=\"{&quot;background_background&quot;:&quot;classic&quot;}\">\n\t\t\t\t\t<div class=\"e-con-inner\">\n\t\t\t\t<div class=\"elementor-element elementor-element-102b40d elementor-widget elementor-widget-text-editor\" data-id=\"102b40d\" data-element_type=\"widget\" data-e-type=\"widget\" data-widget_type=\"text-editor.default\">\n\t\t\t\t<div class=\"elementor-widget-container\">\n\t\t\t\t\t\t\t\t\t<p>Vous souhaitez rejoindre l\u2019\u00e9quipe Eglise Verte ? Contactez le secr\u00e9tariat.<\/p>\t\t\t\t\t\t\t\t<\/div>\n\t\t\t\t<\/div>\n\t\t\t\t\t<\/div>\n\t\t\t\t<\/div>\n\t\t\t\t\t<\/div>\n\t\t\t\t<\/div>\n\t\t\t\t<\/div>\n\t\t","protected":false},"excerpt":{"rendered":"<p>\u00c9glise verte \u00ab\u00a0\u00c9glise verte\u00a0\u00bb est un label pour permettre aux paroisses ou communaut\u00e9s chr\u00e9tiennes de s\u2019engager sur le chemin de la conversion \u00e9cologique. Ce label a \u00e9t\u00e9 cr\u00e9\u00e9 dans la foul\u00e9e de l\u2019encyclique\u00a0\u00ab\u00a0Laudato si&#8217;\u00a0\u00bb consacr\u00e9e aux questions environnementales et sociales, \u00e0 l&#8217;\u00e9cologie int\u00e9grale, et de fa\u00e7on g\u00e9n\u00e9rale \u00e0 la sauvegarde de la Cr\u00e9ation. \u00c0 St-Fran\u00e7ois d\u2019Assise, un groupe de paroissiens motiv\u00e9s a lanc\u00e9 la d\u00e9marche. Apr\u00e8s un \u00e9co-diagnostic, plusieurs actions ont \u00e9t\u00e9 engag\u00e9es\u00a0: Mise en place d\u2019un compost dans le jardin de l\u2019\u00e9glise ouvert \u00e0 tous les paroissiens et voisins, Le service \u00ab&nbsp;fleurir en liturgie&nbsp;\u00bb utilise d\u00e9sormais des fleurs locales&#8230; <\/p>\n","protected":false},"author":2,"featured_media":0,"parent":0,"menu_order":0,"comment_status":"closed","ping_status":"closed","template":"template-parts\/page-template-full-width.php","meta":{"footnotes":""},"class_list":["post-1437","page","type-page","status-publish","hentry"],"yoast_head":"<!-- This site is optimized with the Yoast SEO plugin v24.4 - https:\/\/yoast.com\/wordpress\/plugins\/seo\/ -->\n<title>\u00c9glise verte - Saint Fran\u00e7ois d&#039;Assise<\/title>\n<meta name=\"robots\" content=\"index, follow, max-snippet:-1, max-image-preview:large, max-video-preview:-1\" \/>\n<link rel=\"canonical\" href=\"https:\/\/saintfrancoisdassise-toulouse.fr\/?page_id=1437\" \/>\n<meta property=\"og:locale\" content=\"en_US\" \/>\n<meta property=\"og:type\" content=\"article\" \/>\n<meta property=\"og:title\" content=\"\u00c9glise verte - Saint Fran\u00e7ois d&#039;Assise\" \/>\n<meta property=\"og:description\" content=\"\u00c9glise verte \u00ab\u00a0\u00c9glise verte\u00a0\u00bb est un label pour permettre aux paroisses ou communaut\u00e9s chr\u00e9tiennes de s\u2019engager sur le chemin de la conversion \u00e9cologique. Ce label a \u00e9t\u00e9 cr\u00e9\u00e9 dans la foul\u00e9e de l\u2019encyclique\u00a0\u00ab\u00a0Laudato si&#8217;\u00a0\u00bb consacr\u00e9e aux questions environnementales et sociales, \u00e0 l&#8217;\u00e9cologie int\u00e9grale, et de fa\u00e7on g\u00e9n\u00e9rale \u00e0 la sauvegarde de la Cr\u00e9ation. \u00c0 St-Fran\u00e7ois d\u2019Assise, un groupe de paroissiens motiv\u00e9s a lanc\u00e9 la d\u00e9marche. Apr\u00e8s un \u00e9co-diagnostic, plusieurs actions ont \u00e9t\u00e9 engag\u00e9es\u00a0: Mise en place d\u2019un compost dans le jardin de l\u2019\u00e9glise ouvert \u00e0 tous les paroissiens et voisins, Le service \u00ab&nbsp;fleurir en liturgie&nbsp;\u00bb utilise d\u00e9sormais des fleurs locales...\" \/>\n<meta property=\"og:url\" content=\"https:\/\/saintfrancoisdassise-toulouse.fr\/?page_id=1437\" \/>\n<meta property=\"og:site_name\" content=\"Saint Fran\u00e7ois d&#039;Assise\" \/>\n<meta property=\"article:modified_time\" content=\"2024-12-11T21:30:09+00:00\" \/>\n<meta property=\"og:image\" content=\"http:\/\/saintfrancoisdassise-toulouse.fr\/wp-content\/uploads\/2024\/08\/Table-4.png\" \/>\n<meta name=\"twitter:card\" content=\"summary_large_image\" \/>\n<meta name=\"twitter:label1\" content=\"Est. reading time\" \/>\n\t<meta name=\"twitter:data1\" content=\"1 minute\" \/>\n<script type=\"application\/ld+json\" class=\"yoast-schema-graph\">{\"@context\":\"https:\/\/schema.org\",\"@graph\":[{\"@type\":\"WebPage\",\"@id\":\"https:\/\/saintfrancoisdassise-toulouse.fr\/?page_id=1437\",\"url\":\"https:\/\/saintfrancoisdassise-toulouse.fr\/?page_id=1437\",\"name\":\"\u00c9glise verte - Saint Fran\u00e7ois d&#039;Assise\",\"isPartOf\":{\"@id\":\"https:\/\/saintfrancoisdassise-toulouse.fr\/#website\"},\"primaryImageOfPage\":{\"@id\":\"https:\/\/saintfrancoisdassise-toulouse.fr\/?page_id=1437#primaryimage\"},\"image\":{\"@id\":\"https:\/\/saintfrancoisdassise-toulouse.fr\/?page_id=1437#primaryimage\"},\"thumbnailUrl\":\"http:\/\/saintfrancoisdassise-toulouse.fr\/wp-content\/uploads\/2024\/08\/Table-4.png\",\"datePublished\":\"2024-03-23T19:18:45+00:00\",\"dateModified\":\"2024-12-11T21:30:09+00:00\",\"breadcrumb\":{\"@id\":\"https:\/\/saintfrancoisdassise-toulouse.fr\/?page_id=1437#breadcrumb\"},\"inLanguage\":\"en-US\",\"potentialAction\":[{\"@type\":\"ReadAction\",\"target\":[\"https:\/\/saintfrancoisdassise-toulouse.fr\/?page_id=1437\"]}]},{\"@type\":\"ImageObject\",\"inLanguage\":\"en-US\",\"@id\":\"https:\/\/saintfrancoisdassise-toulouse.fr\/?page_id=1437#primaryimage\",\"url\":\"https:\/\/saintfrancoisdassise-toulouse.fr\/wp-content\/uploads\/2024\/08\/Table-4.png\",\"contentUrl\":\"https:\/\/saintfrancoisdassise-toulouse.fr\/wp-content\/uploads\/2024\/08\/Table-4.png\",\"width\":1024,\"height\":684},{\"@type\":\"BreadcrumbList\",\"@id\":\"https:\/\/saintfrancoisdassise-toulouse.fr\/?page_id=1437#breadcrumb\",\"itemListElement\":[{\"@type\":\"ListItem\",\"position\":1,\"name\":\"Accueil\",\"item\":\"https:\/\/saintfrancoisdassise-toulouse.fr\/\"},{\"@type\":\"ListItem\",\"position\":2,\"name\":\"\u00c9glise verte\"}]},{\"@type\":\"WebSite\",\"@id\":\"https:\/\/saintfrancoisdassise-toulouse.fr\/#website\",\"url\":\"https:\/\/saintfrancoisdassise-toulouse.fr\/\",\"name\":\"Saint Fran\u00e7ois d'Assise\",\"description\":\"106 bis avenue Camille Pujol, 31500 Toulouse\",\"potentialAction\":[{\"@type\":\"SearchAction\",\"target\":{\"@type\":\"EntryPoint\",\"urlTemplate\":\"https:\/\/saintfrancoisdassise-toulouse.fr\/?s={search_term_string}\"},\"query-input\":{\"@type\":\"PropertyValueSpecification\",\"valueRequired\":true,\"valueName\":\"search_term_string\"}}],\"inLanguage\":\"en-US\"}]}<\/script>\n<!-- \/ Yoast SEO plugin. -->","yoast_head_json":{"title":"\u00c9glise verte - Saint Fran\u00e7ois d&#039;Assise","robots":{"index":"index","follow":"follow","max-snippet":"max-snippet:-1","max-image-preview":"max-image-preview:large","max-video-preview":"max-video-preview:-1"},"canonical":"https:\/\/saintfrancoisdassise-toulouse.fr\/?page_id=1437","og_locale":"en_US","og_type":"article","og_title":"\u00c9glise verte - Saint Fran\u00e7ois d&#039;Assise","og_description":"\u00c9glise verte \u00ab\u00a0\u00c9glise verte\u00a0\u00bb est un label pour permettre aux paroisses ou communaut\u00e9s chr\u00e9tiennes de s\u2019engager sur le chemin de la conversion \u00e9cologique. Ce label a \u00e9t\u00e9 cr\u00e9\u00e9 dans la foul\u00e9e de l\u2019encyclique\u00a0\u00ab\u00a0Laudato si&#8217;\u00a0\u00bb consacr\u00e9e aux questions environnementales et sociales, \u00e0 l&#8217;\u00e9cologie int\u00e9grale, et de fa\u00e7on g\u00e9n\u00e9rale \u00e0 la sauvegarde de la Cr\u00e9ation. \u00c0 St-Fran\u00e7ois d\u2019Assise, un groupe de paroissiens motiv\u00e9s a lanc\u00e9 la d\u00e9marche. Apr\u00e8s un \u00e9co-diagnostic, plusieurs actions ont \u00e9t\u00e9 engag\u00e9es\u00a0: Mise en place d\u2019un compost dans le jardin de l\u2019\u00e9glise ouvert \u00e0 tous les paroissiens et voisins, Le service \u00ab&nbsp;fleurir en liturgie&nbsp;\u00bb utilise d\u00e9sormais des fleurs locales...","og_url":"https:\/\/saintfrancoisdassise-toulouse.fr\/?page_id=1437","og_site_name":"Saint Fran\u00e7ois d&#039;Assise","article_modified_time":"2024-12-11T21:30:09+00:00","og_image":[{"url":"http:\/\/saintfrancoisdassise-toulouse.fr\/wp-content\/uploads\/2024\/08\/Table-4.png","type":"","width":"","height":""}],"twitter_card":"summary_large_image","twitter_misc":{"Est. reading time":"1 minute"},"schema":{"@context":"https:\/\/schema.org","@graph":[{"@type":"WebPage","@id":"https:\/\/saintfrancoisdassise-toulouse.fr\/?page_id=1437","url":"https:\/\/saintfrancoisdassise-toulouse.fr\/?page_id=1437","name":"\u00c9glise verte - Saint Fran\u00e7ois d&#039;Assise","isPartOf":{"@id":"https:\/\/saintfrancoisdassise-toulouse.fr\/#website"},"primaryImageOfPage":{"@id":"https:\/\/saintfrancoisdassise-toulouse.fr\/?page_id=1437#primaryimage"},"image":{"@id":"https:\/\/saintfrancoisdassise-toulouse.fr\/?page_id=1437#primaryimage"},"thumbnailUrl":"http:\/\/saintfrancoisdassise-toulouse.fr\/wp-content\/uploads\/2024\/08\/Table-4.png","datePublished":"2024-03-23T19:18:45+00:00","dateModified":"2024-12-11T21:30:09+00:00","breadcrumb":{"@id":"https:\/\/saintfrancoisdassise-toulouse.fr\/?page_id=1437#breadcrumb"},"inLanguage":"en-US","potentialAction":[{"@type":"ReadAction","target":["https:\/\/saintfrancoisdassise-toulouse.fr\/?page_id=1437"]}]},{"@type":"ImageObject","inLanguage":"en-US","@id":"https:\/\/saintfrancoisdassise-toulouse.fr\/?page_id=1437#primaryimage","url":"https:\/\/saintfrancoisdassise-toulouse.fr\/wp-content\/uploads\/2024\/08\/Table-4.png","contentUrl":"https:\/\/saintfrancoisdassise-toulouse.fr\/wp-content\/uploads\/2024\/08\/Table-4.png","width":1024,"height":684},{"@type":"BreadcrumbList","@id":"https:\/\/saintfrancoisdassise-toulouse.fr\/?page_id=1437#breadcrumb","itemListElement":[{"@type":"ListItem","position":1,"name":"Accueil","item":"https:\/\/saintfrancoisdassise-toulouse.fr\/"},{"@type":"ListItem","position":2,"name":"\u00c9glise verte"}]},{"@type":"WebSite","@id":"https:\/\/saintfrancoisdassise-toulouse.fr\/#website","url":"https:\/\/saintfrancoisdassise-toulouse.fr\/","name":"Saint Fran\u00e7ois d'Assise","description":"106 bis avenue Camille Pujol, 31500 Toulouse","potentialAction":[{"@type":"SearchAction","target":{"@type":"EntryPoint","urlTemplate":"https:\/\/saintfrancoisdassise-toulouse.fr\/?s={search_term_string}"},"query-input":{"@type":"PropertyValueSpecification","valueRequired":true,"valueName":"search_term_string"}}],"inLanguage":"en-US"}]}},"_links":{"self":[{"href":"https:\/\/saintfrancoisdassise-toulouse.fr\/index.php?rest_route=\/wp\/v2\/pages\/1437","targetHints":{"allow":["GET"]}}],"collection":[{"href":"https:\/\/saintfrancoisdassise-toulouse.fr\/index.php?rest_route=\/wp\/v2\/pages"}],"about":[{"href":"https:\/\/saintfrancoisdassise-toulouse.fr\/index.php?rest_route=\/wp\/v2\/types\/page"}],"author":[{"embeddable":true,"href":"https:\/\/saintfrancoisdassise-toulouse.fr\/index.php?rest_route=\/wp\/v2\/users\/2"}],"replies":[{"embeddable":true,"href":"https:\/\/saintfrancoisdassise-toulouse.fr\/index.php?rest_route=%2Fwp%2Fv2%2Fcomments&post=1437"}],"version-history":[{"count":41,"href":"https:\/\/saintfrancoisdassise-toulouse.fr\/index.php?rest_route=\/wp\/v2\/pages\/1437\/revisions"}],"predecessor-version":[{"id":2433,"href":"https:\/\/saintfrancoisdassise-toulouse.fr\/index.php?rest_route=\/wp\/v2\/pages\/1437\/revisions\/2433"}],"wp:attachment":[{"href":"https:\/\/saintfrancoisdassise-toulouse.fr\/index.php?rest_route=%2Fwp%2Fv2%2Fmedia&parent=1437"}],"curies":[{"name":"wp","href":"https:\/\/api.w.org\/{rel}","templated":true}]}}