{"id":1448,"date":"2024-03-23T20:22:01","date_gmt":"2024-03-23T19:22:01","guid":{"rendered":"https:\/\/saintfrancoisdassise-toulouse.fr\/?page_id=1448"},"modified":"2025-02-22T19:05:06","modified_gmt":"2025-02-22T18:05:06","slug":"sacrements-des-malades-et-visites-a-domicile","status":"publish","type":"page","link":"https:\/\/saintfrancoisdassise-toulouse.fr\/?page_id=1448","title":{"rendered":"Sacrement des malades et visites \u00e0 domicile"},"content":{"rendered":"\t\t<div data-elementor-type=\"wp-page\" data-elementor-id=\"1448\" class=\"elementor elementor-1448\">\n\t\t\t\t<div class=\"elementor-element elementor-element-1fe29d9a e-flex e-con-boxed e-con e-parent\" data-id=\"1fe29d9a\" data-element_type=\"container\" data-e-type=\"container\">\n\t\t\t\t\t<div class=\"e-con-inner\">\n\t\t\t\t<div class=\"elementor-element elementor-element-35d3801a elementor-widget elementor-widget-heading\" data-id=\"35d3801a\" data-element_type=\"widget\" data-e-type=\"widget\" data-widget_type=\"heading.default\">\n\t\t\t\t<div class=\"elementor-widget-container\">\n\t\t\t\t\t<h1 class=\"elementor-heading-title elementor-size-default\">Sacrement des malades et visites \u00e0 domicile<\/h1>\t\t\t\t<\/div>\n\t\t\t\t<\/div>\n\t\t\t\t\t<\/div>\n\t\t\t\t<\/div>\n\t\t<div class=\"elementor-element elementor-element-3ee7973e e-flex e-con-boxed e-con e-parent\" data-id=\"3ee7973e\" data-element_type=\"container\" data-e-type=\"container\">\n\t\t\t\t\t<div class=\"e-con-inner\">\n\t\t<div class=\"elementor-element elementor-element-87d8ecb e-con-full e-flex e-con e-child\" data-id=\"87d8ecb\" data-element_type=\"container\" data-e-type=\"container\">\n\t\t\t\t<div class=\"elementor-element elementor-element-1e10eb69 elementor-widget elementor-widget-image\" data-id=\"1e10eb69\" data-element_type=\"widget\" data-e-type=\"widget\" data-widget_type=\"image.default\">\n\t\t\t\t<div class=\"elementor-widget-container\">\n\t\t\t\t\t\t\t\t\t\t\t\t\t\t\t<img fetchpriority=\"high\" decoding=\"async\" width=\"845\" height=\"562\" src=\"https:\/\/saintfrancoisdassise-toulouse.fr\/wp-content\/uploads\/2024\/07\/SEM.png\" class=\"attachment-large size-large wp-image-1780\" alt=\"\" srcset=\"https:\/\/saintfrancoisdassise-toulouse.fr\/wp-content\/uploads\/2024\/07\/SEM.png 845w, https:\/\/saintfrancoisdassise-toulouse.fr\/wp-content\/uploads\/2024\/07\/SEM-300x200.png 300w, https:\/\/saintfrancoisdassise-toulouse.fr\/wp-content\/uploads\/2024\/07\/SEM-768x511.png 768w\" sizes=\"(max-width: 845px) 100vw, 845px\" \/>\t\t\t\t\t\t\t\t\t\t\t\t\t\t\t<\/div>\n\t\t\t\t<\/div>\n\t\t\t\t<\/div>\n\t\t<div class=\"elementor-element elementor-element-6e3253ed e-con-full e-flex e-con e-child\" data-id=\"6e3253ed\" data-element_type=\"container\" data-e-type=\"container\">\n\t\t\t\t<div class=\"elementor-element elementor-element-3047129e elementor-widget elementor-widget-text-editor\" data-id=\"3047129e\" data-element_type=\"widget\" data-e-type=\"widget\" data-widget_type=\"text-editor.default\">\n\t\t\t\t<div class=\"elementor-widget-container\">\n\t\t\t\t\t\t\t\t\t<p>Le sacrement des malades est un sacrement de l&#8217;\u00c9glise catholique destin\u00e9 \u00e0 apporter r\u00e9confort, paix et soulagement aux personnes souffrant de maladies graves ou chroniques, aux personnes \u00e2g\u00e9es ou en fin de vie. Il est un signe de la pr\u00e9sence et de la compassion du Christ \u00e0 leurs c\u00f4t\u00e9s dans leurs \u00e9preuves.<\/p><p>Ce sacrement peut \u00eatre re\u00e7u lors d&#8217;une c\u00e9l\u00e9bration communautaire, mais aussi individuellement \u00e0 domicile ou \u00e0 l&#8217;h\u00f4pital. Ce sacrement n\u2019est pas r\u00e9serv\u00e9 aux derniers moments, comme beaucoup le pensent. Il est une source de r\u00e9confort et de force pour ceux qui le re\u00e7oivent. Il leur rappelle qu&#8217;ils ne sont pas seuls dans leurs souffrances et qu&#8217;ils sont soutenus par la pri\u00e8re et l&#8217;amour de leur communaut\u00e9 paroissiale.<\/p>\t\t\t\t\t\t\t\t<\/div>\n\t\t\t\t<\/div>\n\t\t\t\t<\/div>\n\t\t\t\t\t<\/div>\n\t\t\t\t<\/div>\n\t\t<div class=\"elementor-element elementor-element-2f9936b0 e-flex e-con-boxed e-con e-parent\" data-id=\"2f9936b0\" data-element_type=\"container\" data-e-type=\"container\" data-settings=\"{&quot;background_background&quot;:&quot;classic&quot;}\">\n\t\t\t\t\t<div class=\"e-con-inner\">\n\t\t<div class=\"elementor-element elementor-element-3f960d4a e-flex e-con-boxed e-con e-child\" data-id=\"3f960d4a\" data-element_type=\"container\" data-e-type=\"container\" data-settings=\"{&quot;background_background&quot;:&quot;classic&quot;}\">\n\t\t\t\t\t<div class=\"e-con-inner\">\n\t\t<div class=\"elementor-element elementor-element-61422084 e-flex e-con-boxed e-con e-child\" data-id=\"61422084\" data-element_type=\"container\" data-e-type=\"container\" data-settings=\"{&quot;background_background&quot;:&quot;classic&quot;}\">\n\t\t\t\t\t<div class=\"e-con-inner\">\n\t\t\t\t<div class=\"elementor-element elementor-element-1b3b4d5e elementor-widget elementor-widget-text-editor\" data-id=\"1b3b4d5e\" data-element_type=\"widget\" data-e-type=\"widget\" data-widget_type=\"text-editor.default\">\n\t\t\t\t<div class=\"elementor-widget-container\">\n\t\t\t\t\t\t\t\t\t<p>Si vous ou l&#8217;un de vos proches traversez une p\u00e9riode difficile en raison d&#8217;une maladie ou d&#8217;une souffrance, n&#8217;h\u00e9sitez pas \u00e0 prendre contact avec un pr\u00eatre aux horaires d\u2019accueil ou avec le secr\u00e9tariat de la paroisse.<\/p>\t\t\t\t\t\t\t\t<\/div>\n\t\t\t\t<\/div>\n\t\t\t\t\t<\/div>\n\t\t\t\t<\/div>\n\t\t\t\t\t<\/div>\n\t\t\t\t<\/div>\n\t\t\t\t\t<\/div>\n\t\t\t\t<\/div>\n\t\t\t\t<\/div>\n\t\t","protected":false},"excerpt":{"rendered":"<p>Sacrement des malades et visites \u00e0 domicile Le sacrement des malades est un sacrement de l&#8217;\u00c9glise catholique destin\u00e9 \u00e0 apporter r\u00e9confort, paix et soulagement aux personnes souffrant de maladies graves ou chroniques, aux personnes \u00e2g\u00e9es ou en fin de vie. Il est un signe de la pr\u00e9sence et de la compassion du Christ \u00e0 leurs c\u00f4t\u00e9s dans leurs \u00e9preuves. Ce sacrement peut \u00eatre re\u00e7u lors d&#8217;une c\u00e9l\u00e9bration communautaire, mais aussi individuellement \u00e0 domicile ou \u00e0 l&#8217;h\u00f4pital. Ce sacrement n\u2019est pas r\u00e9serv\u00e9 aux derniers moments, comme beaucoup le pensent. Il est une source de r\u00e9confort et de force pour ceux qui&#8230; <\/p>\n","protected":false},"author":2,"featured_media":0,"parent":0,"menu_order":0,"comment_status":"closed","ping_status":"closed","template":"template-parts\/page-template-full-width.php","meta":{"footnotes":""},"class_list":["post-1448","page","type-page","status-publish","hentry"],"yoast_head":"<!-- This site is optimized with the Yoast SEO plugin v24.4 - https:\/\/yoast.com\/wordpress\/plugins\/seo\/ -->\n<title>Sacrement des malades et visites \u00e0 domicile - Saint Fran\u00e7ois d&#039;Assise<\/title>\n<meta name=\"robots\" content=\"index, follow, max-snippet:-1, max-image-preview:large, max-video-preview:-1\" \/>\n<link rel=\"canonical\" href=\"https:\/\/saintfrancoisdassise-toulouse.fr\/?page_id=1448\" \/>\n<meta property=\"og:locale\" content=\"en_US\" \/>\n<meta property=\"og:type\" content=\"article\" \/>\n<meta property=\"og:title\" content=\"Sacrement des malades et visites \u00e0 domicile - Saint Fran\u00e7ois d&#039;Assise\" \/>\n<meta property=\"og:description\" content=\"Sacrement des malades et visites \u00e0 domicile Le sacrement des malades est un sacrement de l&#8217;\u00c9glise catholique destin\u00e9 \u00e0 apporter r\u00e9confort, paix et soulagement aux personnes souffrant de maladies graves ou chroniques, aux personnes \u00e2g\u00e9es ou en fin de vie. Il est un signe de la pr\u00e9sence et de la compassion du Christ \u00e0 leurs c\u00f4t\u00e9s dans leurs \u00e9preuves. Ce sacrement peut \u00eatre re\u00e7u lors d&#8217;une c\u00e9l\u00e9bration communautaire, mais aussi individuellement \u00e0 domicile ou \u00e0 l&#8217;h\u00f4pital. Ce sacrement n\u2019est pas r\u00e9serv\u00e9 aux derniers moments, comme beaucoup le pensent. Il est une source de r\u00e9confort et de force pour ceux qui...\" \/>\n<meta property=\"og:url\" content=\"https:\/\/saintfrancoisdassise-toulouse.fr\/?page_id=1448\" \/>\n<meta property=\"og:site_name\" content=\"Saint Fran\u00e7ois d&#039;Assise\" \/>\n<meta property=\"article:modified_time\" content=\"2025-02-22T18:05:06+00:00\" \/>\n<meta property=\"og:image\" content=\"https:\/\/saintfrancoisdassise-toulouse.fr\/wp-content\/uploads\/2024\/07\/SEM.png\" \/>\n\t<meta property=\"og:image:width\" content=\"845\" \/>\n\t<meta property=\"og:image:height\" content=\"562\" \/>\n\t<meta property=\"og:image:type\" content=\"image\/png\" \/>\n<meta name=\"twitter:card\" content=\"summary_large_image\" \/>\n<meta name=\"twitter:label1\" content=\"Est. reading time\" \/>\n\t<meta name=\"twitter:data1\" content=\"2 minutes\" \/>\n<script type=\"application\/ld+json\" class=\"yoast-schema-graph\">{\"@context\":\"https:\/\/schema.org\",\"@graph\":[{\"@type\":\"WebPage\",\"@id\":\"https:\/\/saintfrancoisdassise-toulouse.fr\/?page_id=1448\",\"url\":\"https:\/\/saintfrancoisdassise-toulouse.fr\/?page_id=1448\",\"name\":\"Sacrement des malades et visites \u00e0 domicile - Saint Fran\u00e7ois d&#039;Assise\",\"isPartOf\":{\"@id\":\"https:\/\/saintfrancoisdassise-toulouse.fr\/#website\"},\"primaryImageOfPage\":{\"@id\":\"https:\/\/saintfrancoisdassise-toulouse.fr\/?page_id=1448#primaryimage\"},\"image\":{\"@id\":\"https:\/\/saintfrancoisdassise-toulouse.fr\/?page_id=1448#primaryimage\"},\"thumbnailUrl\":\"http:\/\/saintfrancoisdassise-toulouse.fr\/wp-content\/uploads\/2024\/07\/SEM.png\",\"datePublished\":\"2024-03-23T19:22:01+00:00\",\"dateModified\":\"2025-02-22T18:05:06+00:00\",\"breadcrumb\":{\"@id\":\"https:\/\/saintfrancoisdassise-toulouse.fr\/?page_id=1448#breadcrumb\"},\"inLanguage\":\"en-US\",\"potentialAction\":[{\"@type\":\"ReadAction\",\"target\":[\"https:\/\/saintfrancoisdassise-toulouse.fr\/?page_id=1448\"]}]},{\"@type\":\"ImageObject\",\"inLanguage\":\"en-US\",\"@id\":\"https:\/\/saintfrancoisdassise-toulouse.fr\/?page_id=1448#primaryimage\",\"url\":\"http:\/\/saintfrancoisdassise-toulouse.fr\/wp-content\/uploads\/2024\/07\/SEM.png\",\"contentUrl\":\"http:\/\/saintfrancoisdassise-toulouse.fr\/wp-content\/uploads\/2024\/07\/SEM.png\"},{\"@type\":\"BreadcrumbList\",\"@id\":\"https:\/\/saintfrancoisdassise-toulouse.fr\/?page_id=1448#breadcrumb\",\"itemListElement\":[{\"@type\":\"ListItem\",\"position\":1,\"name\":\"Accueil\",\"item\":\"https:\/\/saintfrancoisdassise-toulouse.fr\/\"},{\"@type\":\"ListItem\",\"position\":2,\"name\":\"Sacrement des malades et visites \u00e0 domicile\"}]},{\"@type\":\"WebSite\",\"@id\":\"https:\/\/saintfrancoisdassise-toulouse.fr\/#website\",\"url\":\"https:\/\/saintfrancoisdassise-toulouse.fr\/\",\"name\":\"Saint Fran\u00e7ois d'Assise\",\"description\":\"106 bis avenue Camille Pujol, 31500 Toulouse\",\"potentialAction\":[{\"@type\":\"SearchAction\",\"target\":{\"@type\":\"EntryPoint\",\"urlTemplate\":\"https:\/\/saintfrancoisdassise-toulouse.fr\/?s={search_term_string}\"},\"query-input\":{\"@type\":\"PropertyValueSpecification\",\"valueRequired\":true,\"valueName\":\"search_term_string\"}}],\"inLanguage\":\"en-US\"}]}<\/script>\n<!-- \/ Yoast SEO plugin. -->","yoast_head_json":{"title":"Sacrement des malades et visites \u00e0 domicile - Saint Fran\u00e7ois d&#039;Assise","robots":{"index":"index","follow":"follow","max-snippet":"max-snippet:-1","max-image-preview":"max-image-preview:large","max-video-preview":"max-video-preview:-1"},"canonical":"https:\/\/saintfrancoisdassise-toulouse.fr\/?page_id=1448","og_locale":"en_US","og_type":"article","og_title":"Sacrement des malades et visites \u00e0 domicile - Saint Fran\u00e7ois d&#039;Assise","og_description":"Sacrement des malades et visites \u00e0 domicile Le sacrement des malades est un sacrement de l&#8217;\u00c9glise catholique destin\u00e9 \u00e0 apporter r\u00e9confort, paix et soulagement aux personnes souffrant de maladies graves ou chroniques, aux personnes \u00e2g\u00e9es ou en fin de vie. Il est un signe de la pr\u00e9sence et de la compassion du Christ \u00e0 leurs c\u00f4t\u00e9s dans leurs \u00e9preuves. Ce sacrement peut \u00eatre re\u00e7u lors d&#8217;une c\u00e9l\u00e9bration communautaire, mais aussi individuellement \u00e0 domicile ou \u00e0 l&#8217;h\u00f4pital. Ce sacrement n\u2019est pas r\u00e9serv\u00e9 aux derniers moments, comme beaucoup le pensent. Il est une source de r\u00e9confort et de force pour ceux qui...","og_url":"https:\/\/saintfrancoisdassise-toulouse.fr\/?page_id=1448","og_site_name":"Saint Fran\u00e7ois d&#039;Assise","article_modified_time":"2025-02-22T18:05:06+00:00","og_image":[{"width":845,"height":562,"url":"https:\/\/saintfrancoisdassise-toulouse.fr\/wp-content\/uploads\/2024\/07\/SEM.png","type":"image\/png"}],"twitter_card":"summary_large_image","twitter_misc":{"Est. reading time":"2 minutes"},"schema":{"@context":"https:\/\/schema.org","@graph":[{"@type":"WebPage","@id":"https:\/\/saintfrancoisdassise-toulouse.fr\/?page_id=1448","url":"https:\/\/saintfrancoisdassise-toulouse.fr\/?page_id=1448","name":"Sacrement des malades et visites \u00e0 domicile - Saint Fran\u00e7ois d&#039;Assise","isPartOf":{"@id":"https:\/\/saintfrancoisdassise-toulouse.fr\/#website"},"primaryImageOfPage":{"@id":"https:\/\/saintfrancoisdassise-toulouse.fr\/?page_id=1448#primaryimage"},"image":{"@id":"https:\/\/saintfrancoisdassise-toulouse.fr\/?page_id=1448#primaryimage"},"thumbnailUrl":"http:\/\/saintfrancoisdassise-toulouse.fr\/wp-content\/uploads\/2024\/07\/SEM.png","datePublished":"2024-03-23T19:22:01+00:00","dateModified":"2025-02-22T18:05:06+00:00","breadcrumb":{"@id":"https:\/\/saintfrancoisdassise-toulouse.fr\/?page_id=1448#breadcrumb"},"inLanguage":"en-US","potentialAction":[{"@type":"ReadAction","target":["https:\/\/saintfrancoisdassise-toulouse.fr\/?page_id=1448"]}]},{"@type":"ImageObject","inLanguage":"en-US","@id":"https:\/\/saintfrancoisdassise-toulouse.fr\/?page_id=1448#primaryimage","url":"http:\/\/saintfrancoisdassise-toulouse.fr\/wp-content\/uploads\/2024\/07\/SEM.png","contentUrl":"http:\/\/saintfrancoisdassise-toulouse.fr\/wp-content\/uploads\/2024\/07\/SEM.png"},{"@type":"BreadcrumbList","@id":"https:\/\/saintfrancoisdassise-toulouse.fr\/?page_id=1448#breadcrumb","itemListElement":[{"@type":"ListItem","position":1,"name":"Accueil","item":"https:\/\/saintfrancoisdassise-toulouse.fr\/"},{"@type":"ListItem","position":2,"name":"Sacrement des malades et visites \u00e0 domicile"}]},{"@type":"WebSite","@id":"https:\/\/saintfrancoisdassise-toulouse.fr\/#website","url":"https:\/\/saintfrancoisdassise-toulouse.fr\/","name":"Saint Fran\u00e7ois d'Assise","description":"106 bis avenue Camille Pujol, 31500 Toulouse","potentialAction":[{"@type":"SearchAction","target":{"@type":"EntryPoint","urlTemplate":"https:\/\/saintfrancoisdassise-toulouse.fr\/?s={search_term_string}"},"query-input":{"@type":"PropertyValueSpecification","valueRequired":true,"valueName":"search_term_string"}}],"inLanguage":"en-US"}]}},"_links":{"self":[{"href":"https:\/\/saintfrancoisdassise-toulouse.fr\/index.php?rest_route=\/wp\/v2\/pages\/1448","targetHints":{"allow":["GET"]}}],"collection":[{"href":"https:\/\/saintfrancoisdassise-toulouse.fr\/index.php?rest_route=\/wp\/v2\/pages"}],"about":[{"href":"https:\/\/saintfrancoisdassise-toulouse.fr\/index.php?rest_route=\/wp\/v2\/types\/page"}],"author":[{"embeddable":true,"href":"https:\/\/saintfrancoisdassise-toulouse.fr\/index.php?rest_route=\/wp\/v2\/users\/2"}],"replies":[{"embeddable":true,"href":"https:\/\/saintfrancoisdassise-toulouse.fr\/index.php?rest_route=%2Fwp%2Fv2%2Fcomments&post=1448"}],"version-history":[{"count":17,"href":"https:\/\/saintfrancoisdassise-toulouse.fr\/index.php?rest_route=\/wp\/v2\/pages\/1448\/revisions"}],"predecessor-version":[{"id":2703,"href":"https:\/\/saintfrancoisdassise-toulouse.fr\/index.php?rest_route=\/wp\/v2\/pages\/1448\/revisions\/2703"}],"wp:attachment":[{"href":"https:\/\/saintfrancoisdassise-toulouse.fr\/index.php?rest_route=%2Fwp%2Fv2%2Fmedia&parent=1448"}],"curies":[{"name":"wp","href":"https:\/\/api.w.org\/{rel}","templated":true}]}}